000
CDUS41 KBUF 241014
CLIART


CLIMATE REPORT
NATIONAL WEATHER SERVICE BUFFALO NY
614 AM EDT THU MAY 24 2018


...................................

...THE WATERTOWN NY CLIMATE SUMMARY FOR MAY 23 2018...

CLIMATE NORMAL PERIOD 1981 TO 2010
CLIMATE RECORD PERIOD 1949 TO 2018


WEATHER ITEM   OBSERVED TIME   RECORD YEAR NORMAL DEPARTURE LAST
                VALUE   (LST)  VALUE       VALUE  FROM      YEAR
                                                  NORMAL
..................................................................
TEMPERATURE (F)
 YESTERDAY
  MAXIMUM         68    425 PM  81    2010  68      0       70
                                      1991
  MINIMUM         42   1146 PM  25    1967  46     -4       41
  AVERAGE         55                        57     -2       56

PRECIPITATION (IN)
  YESTERDAY        0.00          0.88 1984   0.11  -0.11     0.00
  MONTH TO DATE    1.51                      2.24  -0.73     4.51
  SINCE MAR 1      6.42                      7.44  -1.02    10.93
  SINCE JAN 1     10.44                     12.32  -1.88    14.56

DEGREE DAYS
 HEATING
  YESTERDAY       10                         9      1        9
  MONTH TO DATE  208                       273    -65      318
  SINCE MAR 1   2116                      1975    141     2013
  SINCE JUL 1   7326                      7416    -90     6624

 COOLING
  YESTERDAY        0                         0      0        0
  MONTH TO DATE    3                         0      3       11
  SINCE MAR 1      3                         1      2       18
  SINCE JAN 1      3                         1      2       18
..................................................................


WIND (MPH)
  HIGHEST WIND SPEED    17   HIGHEST WIND DIRECTION    SW (210)
  HIGHEST GUST SPEED    23   HIGHEST GUST DIRECTION    SW (220)
  AVERAGE WIND SPEED     6.4


SKY COVER
  AVERAGE SKY COVER 0.5


WEATHER CONDITIONS
 THE FOLLOWING WEATHER WAS RECORDED YESTERDAY.
  FOG
  FOG W/VISIBILITY <= 1/4 MILE


RELATIVE HUMIDITY (PERCENT)
 HIGHEST   100          1200 AM
 LOWEST     58           400 PM
 AVERAGE    79

..........................................................


THE WATERTOWN NY CLIMATE NORMALS FOR TODAY
                         NORMAL    RECORD    YEAR
 MAXIMUM TEMPERATURE (F)   68        87      1966
 MINIMUM TEMPERATURE (F)   46        30      1992


SUNRISE AND SUNSET
MAY 24 2018...........SUNRISE   530 AM EDT   SUNSET   833 PM EDT
MAY 25 2018...........SUNRISE   529 AM EDT   SUNSET   834 PM EDT


-  INDICATES NEGATIVE NUMBERS.
R  INDICATES RECORD WAS SET OR TIED.
MM INDICATES DATA IS MISSING.
T  INDICATES TRACE AMOUNT.




$$
