000
CDUS43 KABR 252236
CLIATY


CLIMATE REPORT
NATIONAL WEATHER SERVICE ABERDEEN SD
533 PM CDT WED APR 25 2018


...................................

...THE WATERTOWN SD CLIMATE SUMMARY FOR APRIL 25 2018...
VALID TODAY AS OF 0500 PM LOCAL TIME.

CLIMATE NORMAL PERIOD 1981 TO 2010
CLIMATE RECORD PERIOD 1898 TO 2018


WEATHER ITEM   OBSERVED TIME   RECORD YEAR NORMAL DEPARTURE LAST
                VALUE   (LST)  VALUE       VALUE  FROM      YEAR
                                                  NORMAL
..................................................................
TEMPERATURE (F)
 TODAY
  MAXIMUM         59    336 PM  92    1962  61     -2       37
  MINIMUM         25    532 AM  17    2013  36    -11       32
  AVERAGE         42                        48     -6       35

PRECIPITATION (IN)
  TODAY            0.00          1.12 2008   0.08  -0.08     0.00
  MONTH TO DATE    0.87                      1.61  -0.74     1.70
  SINCE MAR 1      2.28                      2.72  -0.44     2.03
  SINCE JAN 1      3.13                      3.80  -0.67     2.81

SNOWFALL (IN)
  TODAY            0.0
  MONTH TO DATE   17.5
  SINCE OCT 1     53.1
  SINCE JUL 1     53.1
  SNOW DEPTH       0

DEGREE DAYS
 HEATING
  TODAY           23                        17      6       30
  MONTH TO DATE  857                       558    299      484
  SINCE MAR 1   2011                      1662    349     1561
  SINCE JUL 1   8378                      8073    305     7162

 COOLING
  TODAY            0                         0      0        0
  MONTH TO DATE    0                         0      0        0
  SINCE MAR 1      0                         0      0        0
  SINCE JAN 1      0                         0      0        0
..................................................................


WIND (MPH)
  HIGHEST WIND SPEED    16   HIGHEST WIND DIRECTION    SW (210)
  HIGHEST GUST SPEED    20   HIGHEST GUST DIRECTION    SW (210)
  AVERAGE WIND SPEED     6.2


SKY COVER
  POSSIBLE SUNSHINE  MM
  AVERAGE SKY COVER 0.0


WEATHER CONDITIONS
 THE FOLLOWING WEATHER WAS RECORDED TODAY.
  FOG


RELATIVE HUMIDITY (PERCENT)
 HIGHEST   100           200 AM
 LOWEST     35           200 PM
 AVERAGE    68

..........................................................


THE WATERTOWN SD CLIMATE NORMALS FOR TOMORROW
                         NORMAL    RECORD    YEAR
 MAXIMUM TEMPERATURE (F)   61        82      1952
 MINIMUM TEMPERATURE (F)   37        17      1931


SUNRISE AND SUNSET
APRIL 25 2018.........SUNRISE   627 AM CDT   SUNSET   827 PM CDT
APRIL 26 2018.........SUNRISE   626 AM CDT   SUNSET   828 PM CDT


-  INDICATES NEGATIVE NUMBERS.
R  INDICATES RECORD WAS SET OR TIED.
MM INDICATES DATA IS MISSING.
T  INDICATES TRACE AMOUNT.




$$
