404
CDUS46 KHNX 240824
CLIBFL


CLIMATE REPORT
NATIONAL WEATHER SERVICE SAN JOAQUIN VALLEY, CA
124 AM PDT TUE APR 24 2018


...................................

...THE BAKERSFIELD CLIMATE SUMMARY FOR APRIL 23 2018...

CLIMATE NORMAL PERIOD 1981 TO 2010
CLIMATE RECORD PERIOD 1889 TO 2018


WEATHER ITEM   OBSERVED TIME   RECORD YEAR NORMAL DEPARTURE
                VALUE   (LST)  VALUE       VALUE  FROM
                                                  NORMAL
...............................................................
TEMPERATURE (F)
 YESTERDAY
  MAXIMUM         94    323 PM 100    1910  77     17
  MINIMUM         63    346 AM  33    1904  52     11
  AVERAGE         79                        64     15

PRECIPITATION (IN)
  YESTERDAY        0.00          0.29 1988   0.01  -0.01
  MONTH TO DATE    0.20                      0.43  -0.23
  SINCE OCT 1      3.93                      6.00  -2.07
  SINCE JAN 1      3.86                      4.04  -0.18

SNOWFALL (IN)
  YESTERDAY        0.0
  MONTH TO DATE    0.0
  SINCE MAR 1      0.0
  SINCE JUL 1      0.0
  SNOW DEPTH       0

DEGREE DAYS
 HEATING
  YESTERDAY        0                               -3
  MONTH TO DATE   47                              -65
  SINCE MAR 1    248                             -103
  SINCE JUL 1   1526                             -599

 COOLING
  YESTERDAY       14                               11
  MONTH TO DATE   74                               38
  SINCE MAR 1     90                               45
  SINCE JAN 1     90                               45
...............................................................


WIND (MPH)
  HIGHEST WIND SPEED    14   HIGHEST WIND DIRECTION    NW (300)
  HIGHEST GUST SPEED    18   HIGHEST GUST DIRECTION    NW (310)
  AVERAGE WIND SPEED     6.1




RELATIVE HUMIDITY (PERCENT)
 HIGHEST    42
 LOWEST      8
 AVERAGE    25

..........................................................


THE BAKERSFIELD CLIMATE NORMALS FOR TODAY
                         NORMAL    RECORD    YEAR
 MAXIMUM TEMPERATURE (F)   77       100      1910
 MINIMUM TEMPERATURE (F)   52        34      1904


SUNRISE AND SUNSET
APRIL 24 2018.........SUNRISE   612 AM PDT   SUNSET   737 PM PDT
APRIL 25 2018.........SUNRISE   611 AM PDT   SUNSET   738 PM PDT


-  INDICATES NEGATIVE NUMBERS.
R  INDICATES RECORD WAS SET OR TIED.
MM INDICATES DATA IS MISSING.
T  INDICATES TRACE AMOUNT.




$$
