000
CDUS44 KAMA 241409
CLIBGD


CLIMATE REPORT
NATIONAL WEATHER SERVICE AMARILLO TX
908 AM CDT THU MAY 24 2018


...................................

...THE BORGER CLIMATE SUMMARY FOR MAY 24 2018...
VALID AS OF 0900 AM LOCAL TIME.

CLIMATE NORMAL PERIOD 1981 TO 2010
CLIMATE RECORD PERIOD 1949 TO 2018


WEATHER ITEM   OBSERVED TIME   RECORD YEAR NORMAL DEPARTURE LAST
                VALUE   (LST)  VALUE       VALUE  FROM      YEAR
                                                  NORMAL
..................................................................
TEMPERATURE (F)
 TODAY
  MINIMUM         60   1240 AM  45    2017  58      2       45

PRECIPITATION (IN)
  TODAY            0.11          1.23 1957   0.12  -0.01     0.00
  MONTH TO DATE    2.32                      1.98   0.34     1.15
  SINCE MAR 1      3.39                      4.93  -1.54     7.66
  SINCE JAN 1      3.40                      6.14  -2.74    11.14

SNOWFALL (IN)
  TODAY            0.0           T    2000                   0.0
  MONTH TO DATE    0.0                                       0.0
  SINCE MAR 1      0.0                                       1.1
  SINCE JUL 1      2.0                                       4.7
  SNOW DEPTH       0

..................................................................


WIND (MPH)
  RESULTANT WIND SPEED  10   RESULTANT WIND DIRECTION  SE (140)
  HIGHEST WIND SPEED    16   HIGHEST WIND DIRECTION     W (280)
  HIGHEST GUST SPEED    23   HIGHEST GUST DIRECTION     W (270)
  AVERAGE WIND SPEED    10.5


SKY COVER
  AVERAGE SKY COVER 0.1


WEATHER CONDITIONS
 THE FOLLOWING WEATHER WAS RECORDED TODAY.
  THUNDERSTORM
  HEAVY RAIN
  RAIN
  LIGHT RAIN
  FOG


RELATIVE HUMIDITY (PERCENT)
 HIGHEST    84           200 AM
 LOWEST     78           300 AM
 AVERAGE    81

..........................................................


THE BORGER CLIMATE NORMALS FOR TOMORROW
                         NORMAL    RECORD    YEAR
 MAXIMUM TEMPERATURE (F)   84       102      2012
 MINIMUM TEMPERATURE (F)   58        44      2002
                                             1995


SUNRISE AND SUNSET
MAY 24 2018...........SUNRISE   635 AM CDT   SUNSET   851 PM CDT
MAY 25 2018...........SUNRISE   634 AM CDT   SUNSET   851 PM CDT


-  INDICATES NEGATIVE NUMBERS.
R  INDICATES RECORD WAS SET OR TIED.
MM INDICATES DATA IS MISSING.
T  INDICATES TRACE AMOUNT.




$$
