000
CDUS44 KBMX 252122
CLIBHM


CLIMATE REPORT
NATIONAL WEATHER SERVICE BIRMINGHAM, AL
421 PM CDT FRI MAY 25 2018


...................................

...THE BIRMINGHAM CLIMATE SUMMARY FOR MAY 25 2018...
VALID TODAY AS OF 0400 PM LOCAL TIME.

CLIMATE NORMAL PERIOD 1981 TO 2010
CLIMATE RECORD PERIOD 1895 TO 2018


WEATHER ITEM   OBSERVED TIME   RECORD YEAR NORMAL DEPARTURE LAST
                VALUE   (LST)  VALUE       VALUE  FROM      YEAR
                                                  NORMAL
..................................................................
TEMPERATURE (F)
 TODAY
  MAXIMUM         87   1153 AM  95    1962  84      3       74
  MINIMUM         67    402 AM  45    1979  62      5       55
  AVERAGE         77                        73      4       65

PRECIPITATION (IN)
  TODAY            0.72          1.73 1987   0.16   0.56      T
  MONTH TO DATE    4.02                      4.07  -0.05     6.43
  SINCE MAR 1     16.40                     13.68   2.72    17.76
  SINCE JAN 1     25.89                     23.05   2.84    27.42

DEGREE DAYS
 COOLING
  TODAY           12                         8      4        0
  MONTH TO DATE  262                       145    117      159
  SINCE MAR 1    306                       225     81      383
  SINCE JAN 1    352                       229    123      398
..................................................................


WIND (MPH)
  HIGHEST WIND SPEED    22   HIGHEST WIND DIRECTION     S (170)
  HIGHEST GUST SPEED    29   HIGHEST GUST DIRECTION     S (170)
  AVERAGE WIND SPEED     2.1


SKY COVER
  AVERAGE SKY COVER 0.6


WEATHER CONDITIONS
 THE FOLLOWING WEATHER WAS RECORDED TODAY.
  THUNDERSTORM
  HEAVY RAIN
  RAIN
  FOG


RELATIVE HUMIDITY (PERCENT)
 HIGHEST    97          1200 AM
 LOWEST     53          1200 PM
 AVERAGE    75

..........................................................


THE BIRMINGHAM CLIMATE NORMALS FOR TOMORROW
                         NORMAL    RECORD    YEAR
 MAXIMUM TEMPERATURE (F)   84        97      1962
 MINIMUM TEMPERATURE (F)   63        41      1979


SUNRISE AND SUNSET
MAY 25 2018...........SUNRISE   541 AM CDT   SUNSET   748 PM CDT
MAY 26 2018...........SUNRISE   540 AM CDT   SUNSET   748 PM CDT


-  INDICATES NEGATIVE NUMBERS.
R  INDICATES RECORD WAS SET OR TIED.
MM INDICATES DATA IS MISSING.
T  INDICATES TRACE AMOUNT.




$$
