000
CDUS45 KVEF 230031
CLIBIH


CLIMATE REPORT
NATIONAL WEATHER SERVICE LAS VEGAS, NV
531 PM PDT SUN APR 22 2018


...................................

...THE BISHOP CA CLIMATE SUMMARY FOR APRIL 22 2018...
VALID TODAY AS OF 0500 PM LOCAL TIME.

CLIMATE NORMAL PERIOD 1981 TO 2010
CLIMATE RECORD PERIOD 1943 TO 2018


WEATHER ITEM   OBSERVED RECORD YEAR NORMAL DEPARTURE LAST
                VALUE   VALUE       VALUE  FROM      YEAR
                                           NORMAL
...........................................................
TEMPERATURE (F)
 TODAY
  MAXIMUM         86     91    2012  74     12       83
  MINIMUM         40     22    1963  38      2       36
  AVERAGE         63

PRECIPITATION (IN)
  TODAY            0.00   0.25 1980   0.00   0.00     0.00
  MONTH TO DATE    0.31               0.21   0.10     0.92
  SINCE OCT 1      1.13               4.26  -3.13     8.81
  SINCE JAN 1      0.97               2.64  -1.67     8.45

SNOWFALL (IN)
  TODAY            0.0    1.9  1980   0.0    0.0      0.0
  MONTH TO DATE    0.0                0.1   -0.1      0.0
  SINCE MAR 1      0.0                0.6   -0.6       T
  SINCE JUL 1      0.2                8.0   -7.8      8.6
  SNOW DEPTH       0

DEGREE DAYS
 HEATING
  TODAY            2                  9     -7        5
  MONTH TO DATE  162                256    -94      226
  SINCE MAR 1    714                772    -58      635
  SINCE JUL 1   3543               3979   -436     3635

 COOLING
  TODAY            0                  0      0        0
  MONTH TO DATE    3                  0      3        0
  SINCE MAR 1      3                  0      3        0
  SINCE JAN 1      3                  0      3        0
...........................................................


WIND (MPH)
  RESULTANT WIND SPEED   1   RESULTANT WIND DIRECTION  NW (310)
  HIGHEST WIND SPEED    17   HIGHEST WIND DIRECTION     S (170)
  HIGHEST GUST SPEED    23   HIGHEST GUST DIRECTION     S (160)
  AVERAGE WIND SPEED     5.6


SKY COVER
  POSSIBLE SUNSHINE  MM
  AVERAGE SKY COVER 0.0


WEATHER CONDITIONS
 THE FOLLOWING WEATHER WAS RECORDED TODAY.
  NO SIGNIFICANT WEATHER WAS OBSERVED.


RELATIVE HUMIDITY (PERCENT)
 HIGHEST    50           500 AM
 LOWEST      5           200 PM
 AVERAGE    28

..........................................................


THE BISHOP CA CLIMATE NORMALS FOR TOMORROW
                         NORMAL    RECORD    YEAR
 MAXIMUM TEMPERATURE (F)   75        90      2012
 MINIMUM TEMPERATURE (F)   38        25      1968
                                             1967
                                             1960


SUNRISE AND SUNSET
APRIL 22 2018.........SUNRISE   609 AM PDT   SUNSET   735 PM PDT
APRIL 23 2018.........SUNRISE   608 AM PDT   SUNSET   736 PM PDT


-  INDICATES NEGATIVE NUMBERS.
R  INDICATES RECORD WAS SET OR TIED.
MM INDICATES DATA IS MISSING.
T  INDICATES TRACE AMOUNT.




$$
