000
CDUS43 KBIS 200759
CLIBIS


CLIMATE REPORT
NATIONAL WEATHER SERVICE BISMARCK ND
257 AM CDT SUN MAY 20 2018


...................................

...THE BISMARCK ND CLIMATE SUMMARY FOR MAY 19 2018...

CLIMATE NORMAL PERIOD 1981 TO 2010
CLIMATE RECORD PERIOD 1875 TO 2018


WEATHER ITEM   OBSERVED TIME   RECORD YEAR NORMAL DEPARTURE LAST
                VALUE   (LST)  VALUE       VALUE  FROM      YEAR
                                                  NORMAL
..................................................................
TEMPERATURE (F)
 YESTERDAY
  MAXIMUM         65    459 PM  96    1948  69     -4       64
  MINIMUM         42    526 AM  25    2015  44     -2       34
  AVERAGE         54                        57     -3       49

PRECIPITATION (IN)
  YESTERDAY        0.00          1.51 2013   0.08  -0.08     0.00
  MONTH TO DATE    0.92                      1.37  -0.45     0.24
  SINCE MAR 1      3.11                      3.50  -0.39     1.72
  SINCE JAN 1      3.86                      4.44  -0.58     3.12

SNOWFALL (IN)
  YESTERDAY        0.0           0.1  1931   0.0    0.0      0.0
  MONTH TO DATE    T                         0.4   -0.4      0.0
  SINCE MAR 1     26.3                      13.7   12.6      8.7
  SINCE JUL 1     44.1                      51.2   -7.1     71.6
  SNOW DEPTH       0

DEGREE DAYS
 HEATING
  YESTERDAY       11                         9      2       16
  MONTH TO DATE  154                       223    -69      143
  SINCE MAR 1   2199                      1947    252     1773
  SINCE JUL 1   8515                      8378    137     7775

 COOLING
  YESTERDAY        0                         1     -1        0
  MONTH TO DATE    4                         1      3       14
  SINCE MAR 1      5                         2      3       14
  SINCE JAN 1      5                         2      3       14
..................................................................


WIND (MPH)
  HIGHEST WIND SPEED    24   HIGHEST WIND DIRECTION     E (70)
  HIGHEST GUST SPEED    31   HIGHEST GUST DIRECTION     E (80)
  AVERAGE WIND SPEED    10.7


SKY COVER
  POSSIBLE SUNSHINE  MM
  AVERAGE SKY COVER 0.0


WEATHER CONDITIONS
 THE FOLLOWING WEATHER WAS RECORDED YESTERDAY.
  NO SIGNIFICANT WEATHER WAS OBSERVED.


RELATIVE HUMIDITY (PERCENT)
 HIGHEST    86          1200 AM
 LOWEST     28           200 PM
 AVERAGE    57

..........................................................


THE BISMARCK ND CLIMATE NORMALS FOR TODAY
                         NORMAL    RECORD    YEAR
 MAXIMUM TEMPERATURE (F)   70        92      1886
 MINIMUM TEMPERATURE (F)   44        23      1931


SUNRISE AND SUNSET
MAY 20 2018...........SUNRISE   603 AM CDT   SUNSET   917 PM CDT
MAY 21 2018...........SUNRISE   602 AM CDT   SUNSET   918 PM CDT


-  INDICATES NEGATIVE NUMBERS.
R  INDICATES RECORD WAS SET OR TIED.
MM INDICATES DATA IS MISSING.
T  INDICATES TRACE AMOUNT.




$$
