000
CDUS43 KGRR 230523
CLIBIV


CLIMATE REPORT
NATIONAL WEATHER SERVICE GRAND RAPIDS, MI
119 AM EDT WED MAY 23 2018


...................................

...THE HOLLAND/TULIP CITY MI CLIMATE SUMMARY FOR MAY 22 2018...

CLIMATE NORMAL PERIOD 1981 TO 2010
CLIMATE RECORD PERIOD 1996 TO 2018


WEATHER ITEM   OBSERVED TIME   NORMAL DEPARTURE LAST
                VALUE   (LST)  VALUE  FROM      YEAR
                                      NORMAL
......................................................
TEMPERATURE (F)
 YESTERDAY
  MAXIMUM         62    205 PM  71     -9       68
  MINIMUM         46   1159 PM  51     -5       50
  AVERAGE         54            61     -7       59

PRECIPITATION (IN)
  YESTERDAY        0.00          0.10  -0.10      T
  MONTH TO DATE    5.32          2.36   2.96     1.47
  SINCE MAR 1      8.90          7.88   1.02    10.35
  SINCE JAN 1     14.52         11.77   2.75    15.01

DEGREE DAYS
 HEATING
  YESTERDAY       11             6      5        6
  MONTH TO DATE  112           188    -76      240
  SINCE MAR 1   1801          1567    234     1535
  SINCE JUL 1   6308          6067    241     5397

 COOLING
  YESTERDAY        0             2     -2        0
  MONTH TO DATE   14            18     -4       21
  SINCE MAR 1     14            22     -8       29
  SINCE JAN 1     14            22     -8       29
......................................................


WIND (MPH)
  RESULTANT WIND SPEED   6   RESULTANT WIND DIRECTION   W (280)
  HIGHEST WIND SPEED    14   HIGHEST WIND DIRECTION     W (280)
  HIGHEST GUST SPEED    17   HIGHEST GUST DIRECTION     W (280)
  AVERAGE WIND SPEED     4.3


SKY COVER
  AVERAGE SKY COVER 0.5


WEATHER CONDITIONS
 THE FOLLOWING WEATHER WAS RECORDED YESTERDAY.
  FOG
  FOG W/VISIBILITY <= 1/4 MILE


RELATIVE HUMIDITY (PERCENT)
 HIGHEST    93          1100 AM
 LOWEST     72           200 PM
 AVERAGE    83

..........................................................


THE HOLLAND/TULIP CITY MI CLIMATE NORMALS FOR TODAY
                         NORMAL
 MAXIMUM TEMPERATURE (F)   71
 MINIMUM TEMPERATURE (F)   51


SUNRISE AND SUNSET
MAY 23 2018...........SUNRISE   615 AM EDT   SUNSET   909 PM EDT
MAY 24 2018...........SUNRISE   614 AM EDT   SUNSET   910 PM EDT


-  INDICATES NEGATIVE NUMBERS.
R  INDICATES RECORD WAS SET OR TIED.
MM INDICATES DATA IS MISSING.
T  INDICATES TRACE AMOUNT.




$$
