000
CDUS41 KRLX 192128
CLIBKW


CLIMATE REPORT
NATIONAL WEATHER SERVICE CHARLESTON WV
526 PM EDT THU APR 19 2018


...................................

...THE BECKLEY WV CLIMATE SUMMARY FOR APRIL 19 2018...
VALID TODAY AS OF 0500 PM LOCAL TIME.

CLIMATE NORMAL PERIOD 1981 TO 2010
CLIMATE RECORD PERIOD 1963 TO 2018


WEATHER ITEM   OBSERVED TIME   RECORD YEAR NORMAL DEPARTURE LAST
                VALUE   (LST)  VALUE       VALUE  FROM      YEAR
                                                  NORMAL
..................................................................
TEMPERATURE (F)
 TODAY
  MAXIMUM         64   1237 AM  84    1976  64      0       66
                                      1941
                                      1896
  MINIMUM         33   1039 AM  20    1926  43    -10       50
                                      1904
  AVERAGE         49                        53     -4       58

PRECIPITATION (IN)
  TODAY            0.09          1.12 1901   0.11  -0.02     0.09
  MONTH TO DATE    3.45                      2.06   1.39     1.61
  SINCE MAR 1      7.39                      5.63   1.76     5.78
  SINCE JAN 1     16.69                     11.20   5.49    12.15

DEGREE DAYS
 HEATING
  TODAY           16                        12      4        7
  MONTH TO DATE  333                       280     53      168
  SINCE MAR 1   1190                       992    198      862
  SINCE JUL 1   4880                      4993   -113     3996

 COOLING
  TODAY            0                         0      0        0
  MONTH TO DATE   10                         0     10        6
  SINCE MAR 1     11                         1     10        6
  SINCE JAN 1     12                         1     11        6
..................................................................


WIND (MPH)
  HIGHEST WIND SPEED    31   HIGHEST WIND DIRECTION    NW (320)
  HIGHEST GUST SPEED    39   HIGHEST GUST DIRECTION    NW (320)
  AVERAGE WIND SPEED    14.1


SKY COVER
  POSSIBLE SUNSHINE  MM
  AVERAGE SKY COVER 0.8


WEATHER CONDITIONS
 THE FOLLOWING WEATHER WAS RECORDED TODAY.
  RAIN
  LIGHT RAIN
  LIGHT SNOW
  FOG


RELATIVE HUMIDITY (PERCENT)
 HIGHEST    93           400 AM
 LOWEST     52          1200 AM
 AVERAGE    73

..........................................................


THE BECKLEY WV CLIMATE NORMALS FOR TOMORROW
                         NORMAL    RECORD    YEAR
 MAXIMUM TEMPERATURE (F)   64        85      1976
 MINIMUM TEMPERATURE (F)   43        18      1904


SUNRISE AND SUNSET
APRIL 19 2018.........SUNRISE   644 AM EDT   SUNSET   804 PM EDT
APRIL 20 2018.........SUNRISE   642 AM EDT   SUNSET   805 PM EDT


-  INDICATES NEGATIVE NUMBERS.
R  INDICATES RECORD WAS SET OR TIED.
MM INDICATES DATA IS MISSING.
T  INDICATES TRACE AMOUNT.




$$
