000
CDUS41 KRNK 260944
CLIBLF


CLIMATE REPORT
NATIONAL WEATHER SERVICE BLACKSBURG VA
540 AM EDT THU APR 26 2018


...................................

...THE BLUEFIELD WV CLIMATE SUMMARY FOR APRIL 25 2018...

CLIMATE NORMAL PERIOD 1981 TO 2010
CLIMATE RECORD PERIOD 1959 TO 2018


WEATHER ITEM   OBSERVED TIME   RECORD YEAR NORMAL DEPARTURE LAST
                VALUE   (LST)  VALUE       VALUE  FROM      YEAR
                                                  NORMAL
..................................................................
TEMPERATURE (F)
 YESTERDAY
  MAXIMUM         56    116 PM  85    2009  68    -12       61
  MINIMUM         47   1159 PM  30    1983  48     -1       47
  AVERAGE         52                        58     -6       54

PRECIPITATION (IN)
  YESTERDAY        0.19          1.34 1978   0.12   0.07     0.14
  MONTH TO DATE    3.33                      2.75   0.58     4.26
  SINCE MAR 1      8.02                      6.26   1.76     7.88
  SINCE JAN 1     14.70                     11.92   2.78    13.69

SNOWFALL (IN)
  YESTERDAY        0.0                                       0.0
  MONTH TO DATE    1.5                                       0.1
  SINCE MAR 1     33.8                                       3.3
  SINCE JUL 1     48.5                                      20.5
  SNOW DEPTH       0

DEGREE DAYS
 HEATING
  YESTERDAY       13                         8      5       11
  MONTH TO DATE  427                       284    143      234
  SINCE MAR 1   1280                       900    380      940
  SINCE JUL 1   5010                      4393    617     4072

 COOLING
  YESTERDAY        0                         1     -1        0
  MONTH TO DATE    4                        23    -19        2
  SINCE MAR 1      4                        27    -23        2
  SINCE JAN 1      6                        27    -21        2
..................................................................


WIND (MPH)
  HIGHEST WIND SPEED    16   HIGHEST WIND DIRECTION    NW (300)
  HIGHEST GUST SPEED    23   HIGHEST GUST DIRECTION    NW (320)
  AVERAGE WIND SPEED     6.6


SKY COVER
  AVERAGE SKY COVER 1.0


WEATHER CONDITIONS
 THE FOLLOWING WEATHER WAS RECORDED YESTERDAY.
  RAIN
  LIGHT RAIN
  FOG
  FOG W/VISIBILITY <= 1/4 MILE


RELATIVE HUMIDITY (PERCENT)
 HIGHEST   100          1200 AM
 LOWEST     83           100 PM
 AVERAGE    92

..........................................................


THE BLUEFIELD WV CLIMATE NORMALS FOR TODAY
                         NORMAL    RECORD    YEAR
 MAXIMUM TEMPERATURE (F)   68        86      2009
 MINIMUM TEMPERATURE (F)   48        30      1972


SUNRISE AND SUNSET
APRIL 26 2018.........SUNRISE   636 AM EDT   SUNSET   810 PM EDT
APRIL 27 2018.........SUNRISE   635 AM EDT   SUNSET   811 PM EDT


-  INDICATES NEGATIVE NUMBERS.
R  INDICATES RECORD WAS SET OR TIED.
MM INDICATES DATA IS MISSING.
T  INDICATES TRACE AMOUNT.

$$

RAB
