000
CDUS45 KBOI 200933
CLIBOI


CLIMATE REPORT
NATIONAL WEATHER SERVICE BOISE ID
333 AM MDT FRI APR 20 2018


...................................

...THE BOISE ID CLIMATE SUMMARY FOR APRIL 19 2018...

CLIMATE NORMAL PERIOD 1981 TO 2010
CLIMATE RECORD PERIOD 1875 TO 2018


WEATHER ITEM   OBSERVED TIME   RECORD YEAR NORMAL DEPARTURE LAST
                VALUE   (LST)  VALUE       VALUE  FROM      YEAR
                                                  NORMAL
..................................................................
TEMPERATURE (F)
 YESTERDAY
  MAXIMUM         68    411 PM  87    1910  63      5       65
  MINIMUM         42    524 AM  22    1966  40      2       39
  AVERAGE         55                        51      4       52

PRECIPITATION (IN)
  YESTERDAY        0.00          0.62 1967   0.05  -0.05     0.00
  MONTH TO DATE    0.98                      0.77   0.21     1.20
  SINCE OCT 1      8.18                      8.04   0.14    11.74
  SINCE JAN 1      4.79                      4.39   0.40     8.24

SNOWFALL (IN)
  YESTERDAY        0.0           6.0  1967   0.0    0.0      0.0
  MONTH TO DATE    0.2                       0.3   -0.1      0.1
  SINCE OCT 1     20.1                      19.2    0.9     39.1
  SINCE JUL 1     20.1                      19.2    0.9     39.1
  SNOW DEPTH       0

DEGREE DAYS
 HEATING
  YESTERDAY       10                        14     -4       13
  MONTH TO DATE  282                       295    -13      296
  SINCE MAR 1    922                       931     -9      788
  SINCE JUL 1   4923                      5090   -167     5075

 COOLING
  YESTERDAY        0                         0      0        0
  MONTH TO DATE    0                         0      0        0
  SINCE MAR 1      0                         0      0        0
  SINCE JAN 1      0                         0      0        0
..................................................................


WIND (MPH)
  HIGHEST WIND SPEED    28   HIGHEST WIND DIRECTION    NW (320)
  HIGHEST GUST SPEED    37   HIGHEST GUST DIRECTION    NW (320)
  AVERAGE WIND SPEED    11.4


SKY COVER
  POSSIBLE SUNSHINE  MM
  AVERAGE SKY COVER 0.3


WEATHER CONDITIONS
 THE FOLLOWING WEATHER WAS RECORDED YESTERDAY.
  NO SIGNIFICANT WEATHER WAS OBSERVED.


RELATIVE HUMIDITY (PERCENT)
 HIGHEST    76           500 AM
 LOWEST     22           200 PM
 AVERAGE    49

..........................................................


THE BOISE ID CLIMATE NORMALS FOR TODAY
                         NORMAL    RECORD    YEAR
 MAXIMUM TEMPERATURE (F)   63        89      1994
 MINIMUM TEMPERATURE (F)   40        20      1985


SUNRISE AND SUNSET
APRIL 20 2018.........SUNRISE   654 AM MDT   SUNSET   834 PM MDT
APRIL 21 2018.........SUNRISE   652 AM MDT   SUNSET   835 PM MDT


-  INDICATES NEGATIVE NUMBERS.
R  INDICATES RECORD WAS SET OR TIED.
MM INDICATES DATA IS MISSING.
T  INDICATES TRACE AMOUNT.




$$
