000
CDUS43 KDVN 212129
CLIBRL


CLIMATE REPORT
NATIONAL WEATHER SERVICE QUAD CITIES IA IL
429 PM CDT SAT APR 21 2018


...................................

...THE BURLINGTON IA CLIMATE SUMMARY FOR APRIL 21 2018...
VALID TODAY AS OF 0400 PM LOCAL TIME.

CLIMATE NORMAL PERIOD 1981 TO 2010
CLIMATE RECORD PERIOD 1897 TO 2018


WEATHER ITEM   OBSERVED TIME   RECORD YEAR NORMAL DEPARTURE LAST
                VALUE   (LST)  VALUE       VALUE  FROM      YEAR
                                                  NORMAL
..................................................................
TEMPERATURE (F)
 TODAY
  MAXIMUM         63    256 PM  88    1902  67     -4       56
  MINIMUM         46    616 AM  27    1986  45      1       44
  AVERAGE         55                        56     -1       50

PRECIPITATION (IN)
  TODAY            0.00         MM      MM   0.13  -0.13     0.00
  MONTH TO DATE    0.59                      2.44  -1.85     3.08
  SINCE MAR 1      3.49                      5.23  -1.74     6.06
  SINCE JAN 1      7.58                      8.09  -0.51     7.92

DEGREE DAYS
 HEATING
  TODAY           10                        10      0       15
  MONTH TO DATE  540                       280    260      182
  SINCE MAR 1   1360                      1008    352      873
  SINCE JUL 1   5853                      5386    467     4567

 COOLING
  TODAY            0                         1     -1        0
  MONTH TO DATE    0                        11    -11       19
  SINCE MAR 1      0                        13    -13       19
  SINCE JAN 1      0                        13    -13       19
..................................................................


WIND (MPH)
  HIGHEST WIND SPEED    17   HIGHEST WIND DIRECTION     E (70)
  HIGHEST GUST SPEED    24   HIGHEST GUST DIRECTION     E (70)
  AVERAGE WIND SPEED     9.4


SKY COVER
  POSSIBLE SUNSHINE  MM
  AVERAGE SKY COVER 0.0


WEATHER CONDITIONS
 THE FOLLOWING WEATHER WAS RECORDED TODAY.
  NO SIGNIFICANT WEATHER WAS OBSERVED.


RELATIVE HUMIDITY (PERCENT)
 HIGHEST    45           400 AM
 LOWEST     22           200 PM
 AVERAGE    34

..........................................................


THE BURLINGTON IA CLIMATE NORMALS FOR TOMORROW
                         NORMAL    RECORD    YEAR
 MAXIMUM TEMPERATURE (F)   67        89      1980
 MINIMUM TEMPERATURE (F)   45        27      1986


SUNRISE AND SUNSET
APRIL 21 2018.........SUNRISE   617 AM CDT   SUNSET   750 PM CDT
APRIL 22 2018.........SUNRISE   615 AM CDT   SUNSET   751 PM CDT


-  INDICATES NEGATIVE NUMBERS.
R  INDICATES RECORD WAS SET OR TIED.
MM INDICATES DATA IS MISSING.
T  INDICATES TRACE AMOUNT.




$$
