000
CDUS45 KMSO 250739
CLIBTM


CLIMATE REPORT
NATIONAL WEATHER SERVICE MISSOULA, MT
138 AM MDT WED APR 25 2018


...................................

...THE BUTTE MT CLIMATE SUMMARY FOR APRIL 24 2018...

CLIMATE NORMAL PERIOD 1981 TO 2010
CLIMATE RECORD PERIOD 1895 TO 2018


WEATHER ITEM   OBSERVED TIME   RECORD YEAR NORMAL DEPARTURE LAST
                VALUE   (LST)  VALUE       VALUE  FROM      YEAR
                                                  NORMAL
..................................................................
TEMPERATURE (F)
 YESTERDAY
  MAXIMUM         56    528 PM  77    1910  54      2       50
  MINIMUM         20    627 AM  13    1958  28     -8       32
  AVERAGE         38                        41     -3       41

PRECIPITATION (IN)
  YESTERDAY        0.00          0.69 2017   0.04  -0.04     0.69
  MONTH TO DATE    1.23                      0.90   0.33     1.90
  SINCE OCT 1      4.36                      4.45  -0.09     6.84
  SINCE JAN 1      2.92                      2.56   0.36     3.62

SNOWFALL (IN)
  YESTERDAY       MM
  MONTH TO DATE   MM
  SINCE JAN 1     MM
  SINCE JUL 1     MM
  SNOW DEPTH       9

DEGREE DAYS
 HEATING
  YESTERDAY       27                        24      3       24
  MONTH TO DATE  665                       643     22      609
  SINCE MAR 1   1742                      1685     57     1450
  SINCE JUL 1   8230                      8254    -24     8234

 COOLING
  YESTERDAY        0                         0      0        0
  MONTH TO DATE    0                         0      0        0
  SINCE MAR 1      0                         0      0        0
  SINCE JAN 1      0                         0      0        0
..................................................................


WIND (MPH)
  HIGHEST WIND SPEED    16   HIGHEST WIND DIRECTION     S (180)
  HIGHEST GUST SPEED    21   HIGHEST GUST DIRECTION    SE (150)
  AVERAGE WIND SPEED     6.1


SKY COVER
  POSSIBLE SUNSHINE  MM
  AVERAGE SKY COVER 0.0


WEATHER CONDITIONS
 THE FOLLOWING WEATHER WAS RECORDED YESTERDAY.
  NO SIGNIFICANT WEATHER WAS OBSERVED.


RELATIVE HUMIDITY (PERCENT)
 HIGHEST    92          1200 AM
 LOWEST     28           200 PM
 AVERAGE    60

..........................................................


THE BUTTE MT CLIMATE NORMALS FOR TODAY
                         NORMAL    RECORD    YEAR
 MAXIMUM TEMPERATURE (F)   55        83      1910
 MINIMUM TEMPERATURE (F)   28        12      1960


SUNRISE AND SUNSET
APRIL 25 2018.........SUNRISE   626 AM MDT   SUNSET   830 PM MDT
APRIL 26 2018.........SUNRISE   625 AM MDT   SUNSET   832 PM MDT


-  INDICATES NEGATIVE NUMBERS.
R  INDICATES RECORD WAS SET OR TIED.
MM INDICATES DATA IS MISSING.
T  INDICATES TRACE AMOUNT.




$$
