000
CDUS43 KLMK 240629
CLIBWG


CLIMATE REPORT
NATIONAL WEATHER SERVICE LOUISVILLE KY
228 AM EDT TUE APR 24 2018


...................................

...THE BOWLING GREEN KY CLIMATE SUMMARY FOR APRIL 23 2018...

CLIMATE NORMAL PERIOD 1981 TO 2010
CLIMATE RECORD PERIOD 1870 TO 2018


WEATHER ITEM   OBSERVED TIME   RECORD YEAR NORMAL DEPARTURE LAST
                VALUE   (LST)  VALUE       VALUE  FROM      YEAR
                                                  NORMAL
..................................................................
TEMPERATURE (F)
 YESTERDAY
  MAXIMUM         69    142 PM  95    1925  72     -3       55
  MINIMUM         56   1159 PM  29    1986  48      8       48
  AVERAGE         63                        60      3       52

PRECIPITATION (IN)
  YESTERDAY        0.49          1.80 1983   0.16   0.33     0.58
  MONTH TO DATE    3.82                      3.22   0.60     4.04
  SINCE MAR 1      8.08                      7.63   0.45     7.83
  SINCE JAN 1     18.95                     15.20   3.75    14.41

SNOWFALL (IN)
  YESTERDAY        0.0           0.0    MM   0.0    0.0      0.0
  MONTH TO DATE    0.3                       0.2    0.1      0.0
  SINCE MAR 1      2.6                       1.3    1.3       T
  SINCE JUL 1     11.0                       9.1    1.9      0.7
  SNOW DEPTH       0

DEGREE DAYS
 HEATING
  YESTERDAY        2                         6     -4       13
  MONTH TO DATE  318                       213    105      103
  SINCE MAR 1    861                       733    128      542
  SINCE JUL 1   3875                      3931    -56     2923

 COOLING
  YESTERDAY        0                         1     -1        0
  MONTH TO DATE   11                        22    -11       55
  SINCE MAR 1     11                        27    -16       61
  SINCE JAN 1     26                        27     -1       65
..................................................................


WIND (MPH)
  HIGHEST WIND SPEED    23   HIGHEST WIND DIRECTION     E (70)
  HIGHEST GUST SPEED    31   HIGHEST GUST DIRECTION     E (80)
  AVERAGE WIND SPEED     9.7


SKY COVER
  POSSIBLE SUNSHINE  MM
  AVERAGE SKY COVER 1.0


WEATHER CONDITIONS
 THE FOLLOWING WEATHER WAS RECORDED YESTERDAY.
  THUNDERSTORM
  HEAVY RAIN
  RAIN
  LIGHT RAIN
  FOG


RELATIVE HUMIDITY (PERCENT)
 HIGHEST   100           900 PM
 LOWEST     73           200 PM
 AVERAGE    87

..........................................................


THE BOWLING GREEN KY CLIMATE NORMALS FOR TODAY
                         NORMAL    RECORD    YEAR
 MAXIMUM TEMPERATURE (F)   72        96      1925
 MINIMUM TEMPERATURE (F)   48        28      1887


SUNRISE AND SUNSET
APRIL 24 2018.........SUNRISE   600 AM CDT   SUNSET   728 PM CDT
APRIL 25 2018.........SUNRISE   559 AM CDT   SUNSET   729 PM CDT


-  INDICATES NEGATIVE NUMBERS.
R  INDICATES RECORD WAS SET OR TIED.
MM INDICATES DATA IS MISSING.
T  INDICATES TRACE AMOUNT.




$$
