000
CDUS45 KRIW 260728
CLIBYG


CLIMATE REPORT
NATIONAL WEATHER SERVICE RIVERTON WY
128 AM MDT THU APR 26 2018


...................................

...THE BUFFALO WY CLIMATE SUMMARY FOR APRIL 25 2018...

CLIMATE NORMAL PERIOD 1981 TO 2010
CLIMATE RECORD PERIOD 1998 TO 2018


WEATHER ITEM   OBSERVED TIME   RECORD YEAR NORMAL DEPARTURE LAST
                VALUE   (LST)  VALUE       VALUE  FROM      YEAR
                                                  NORMAL
..................................................................
TEMPERATURE (F)
 YESTERDAY
  MAXIMUM         72    252 PM  74    2012  57     15       MM
  MINIMUM         27    305 AM  19    2008  36     -9       MM
  AVERAGE         50                        46      4       MM

PRECIPITATION (IN)
  YESTERDAY        0.00          0.27 1999   0.05  -0.05    MM
  MONTH TO DATE    0.47                      0.89  -0.42     2.52
  SINCE MAR 1      1.40                      1.81  -0.41     4.54
  SINCE JAN 1      1.74                      2.58  -0.84     4.97

DEGREE DAYS
 HEATING
  YESTERDAY       15                        19     -4       MM
  MONTH TO DATE  624                       565     59      417
  SINCE MAR 1   1550                      1515     35     1107
  SINCE JUL 1   6694                      6755    -61     5949

 COOLING
  YESTERDAY        0                         0      0       MM
  MONTH TO DATE    0                         0      0        0
  SINCE MAR 1      0                         0      0        0
  SINCE JAN 1      0                         0      0        0
..................................................................


WIND (MPH)
  HIGHEST WIND SPEED    43   HIGHEST WIND DIRECTION    NW (320)
  HIGHEST GUST SPEED    55   HIGHEST GUST DIRECTION    NW (310)
  AVERAGE WIND SPEED    14.0


SKY COVER
  POSSIBLE SUNSHINE  MM
  AVERAGE SKY COVER 0.1


WEATHER CONDITIONS
 THE FOLLOWING WEATHER WAS RECORDED YESTERDAY.
  NO SIGNIFICANT WEATHER WAS OBSERVED.


RELATIVE HUMIDITY (PERCENT)
 HIGHEST    70          1100 PM
 LOWEST     10           100 PM
 AVERAGE    40

..........................................................


THE BUFFALO WY CLIMATE NORMALS FOR TODAY
                         NORMAL    RECORD    YEAR
 MAXIMUM TEMPERATURE (F)   57        81      2012
 MINIMUM TEMPERATURE (F)   36        26      2008
                                             2002


SUNRISE AND SUNSET
APRIL 26 2018.........SUNRISE   605 AM MDT   SUNSET   805 PM MDT
APRIL 27 2018.........SUNRISE   603 AM MDT   SUNSET   806 PM MDT


-  INDICATES NEGATIVE NUMBERS.
R  INDICATES RECORD WAS SET OR TIED.
MM INDICATES DATA IS MISSING.
T  INDICATES TRACE AMOUNT.




$$
