000
CDUS45 KPIH 272324
CLIBYI


CLIMATE REPORT
NATIONAL WEATHER SERVICE POCATELLO ID
520 PM MDT SUN MAY 27 2018


...................................

...THE BURLEY ID CLIMATE SUMMARY FOR MAY 27 2018...
VALID TODAY AS OF 0500 PM LOCAL TIME.

CLIMATE NORMAL PERIOD 1981 TO 2010
CLIMATE RECORD PERIOD 1948 TO 2018


WEATHER ITEM   OBSERVED TIME   RECORD YEAR NORMAL DEPARTURE LAST
                VALUE   (LST)  VALUE       VALUE  FROM      YEAR
                                                  NORMAL
..................................................................
TEMPERATURE (F)
 TODAY
  MAXIMUM         69    153 PM  91    1958  70     -1       70
  MINIMUM         48    129 AM  33    1965  44      4       38
  AVERAGE         59                        57      2       54

PRECIPITATION (IN)
  TODAY            0.03          0.86 2006   0.04  -0.01     0.00
  MONTH TO DATE    1.48                      1.23   0.25     1.29
  SINCE OCT 1      7.00                      7.86  -0.86    12.41
  SINCE JAN 1      5.38                      5.03   0.35     7.62

SNOWFALL (IN)
  TODAY           MM
  MONTH TO DATE   MM
  SINCE MAR 1     MM
  SINCE JUL 1     MM
  SNOW DEPTH      MM

DEGREE DAYS
 HEATING
  TODAY            6                         8     -2       11
  MONTH TO DATE  160                       311   -151      284
  SINCE MAR 1   1444                      1677   -233     1428
  SINCE JUL 1   5795                      6699   -904     6234

 COOLING
  TODAY            0                         0      0        0
  MONTH TO DATE   12                         0     12        0
  SINCE MAR 1     12                         0     12        0
  SINCE JAN 1     12                         0     12        0
..................................................................


WIND (MPH)
  HIGHEST WIND SPEED    16   HIGHEST WIND DIRECTION    SW (240)
  HIGHEST GUST SPEED    22   HIGHEST GUST DIRECTION    NW (300)
  AVERAGE WIND SPEED     8.6


SKY COVER
  POSSIBLE SUNSHINE  MM
  AVERAGE SKY COVER 0.5


WEATHER CONDITIONS
 THE FOLLOWING WEATHER WAS RECORDED TODAY.
  LIGHT RAIN


RELATIVE HUMIDITY (PERCENT)
 HIGHEST    80          1200 AM
 LOWEST     51           200 PM
 AVERAGE    66

..........................................................


THE BURLEY ID CLIMATE NORMALS FOR TOMORROW
                         NORMAL    RECORD    YEAR
 MAXIMUM TEMPERATURE (F)   71        97      2003
 MINIMUM TEMPERATURE (F)   44        28      1954


SUNRISE AND SUNSET
MAY 27 2018...........SUNRISE   603 AM MDT   SUNSET   902 PM MDT
MAY 28 2018...........SUNRISE   602 AM MDT   SUNSET   903 PM MDT


-  INDICATES NEGATIVE NUMBERS.
R  INDICATES RECORD WAS SET OR TIED.
MM INDICATES DATA IS MISSING.
T  INDICATES TRACE AMOUNT.




$$
