000
CDUS45 KABQ 230828
CLICAO


CLIMATE REPORT
NATIONAL WEATHER SERVICE ALBUQUERQUE NM
227 AM MDT MON APR 23 2018


...................................

...THE CLAYTON  NM CLIMATE SUMMARY FOR APRIL 22 2018...

CLIMATE NORMAL PERIOD 1981 TO 2010
CLIMATE RECORD PERIOD 1896 TO 2018


WEATHER ITEM   OBSERVED TIME   RECORD YEAR NORMAL DEPARTURE
                VALUE   (LST)  VALUE       VALUE  FROM
                                                  NORMAL
...............................................................
TEMPERATURE (F)
 YESTERDAY
  MAXIMUM         57    433 PM  91    1965  69    -12
  MINIMUM         38    243 AM  24    1920  40     -2
  AVERAGE         48                        54     -6

PRECIPITATION (IN)
  YESTERDAY        0.00          1.36 1926   0.04  -0.04
  MONTH TO DATE    1.00                      0.64   0.36
  SINCE MAR 1      1.07                      1.59  -0.52
  SINCE JAN 1      1.10                      2.21  -1.11

SNOWFALL (IN)
  YESTERDAY        0.0
  MONTH TO DATE    T
  SINCE MAR 1      T
  SINCE JUL 1      0.8

DEGREE DAYS
 HEATING
  YESTERDAY       17                        11      6
  MONTH TO DATE  372                       307     65
  SINCE MAR 1    939                       951    -12
  SINCE JUL 1   4319                      4628   -309

 COOLING
  YESTERDAY        0                         0      0
  MONTH TO DATE    6                         0      6
  SINCE MAR 1      6                         1      5
  SINCE JAN 1      6                         1      5
...............................................................


WIND (MPH)
  HIGHEST WIND SPEED    17   HIGHEST WIND DIRECTION     E (70)
  HIGHEST GUST SPEED    23   HIGHEST GUST DIRECTION    NE (60)
  AVERAGE WIND SPEED     6.6


SKY COVER
  AVERAGE SKY COVER 0.5


WEATHER CONDITIONS
 THE FOLLOWING WEATHER WAS RECORDED YESTERDAY.
  NO SIGNIFICANT WEATHER WAS OBSERVED.


RELATIVE HUMIDITY (PERCENT)
 HIGHEST   100           300 AM
 LOWEST     55           300 PM
 AVERAGE    78

..........................................................


THE CLAYTON  NM CLIMATE NORMALS FOR TODAY
                         NORMAL    RECORD    YEAR
 MAXIMUM TEMPERATURE (F)   69        88      2006
                                             1989
 MINIMUM TEMPERATURE (F)   40        19      2013


SUNRISE AND SUNSET
APRIL 23 2018.........SUNRISE   609 AM MDT   SUNSET   734 PM MDT
APRIL 24 2018.........SUNRISE   607 AM MDT   SUNSET   735 PM MDT


-  INDICATES NEGATIVE NUMBERS.
R  INDICATES RECORD WAS SET OR TIED.
MM INDICATES DATA IS MISSING.
T  INDICATES TRACE AMOUNT.




$$
