000
CDUS41 KCAR 240603
CLICAR


CLIMATE REPORT
NATIONAL WEATHER SERVICE CARIBOU, ME
202 AM EDT THU MAY 24 2018


...................................

...THE CARIBOU ME CLIMATE SUMMARY FOR MAY 23 2018...

CLIMATE NORMAL PERIOD 1981 TO 2010
CLIMATE RECORD PERIOD 1939 TO 2018


WEATHER ITEM   OBSERVED TIME   RECORD YEAR NORMAL DEPARTURE LAST
                VALUE   (LST)  VALUE       VALUE  FROM      YEAR
                                                  NORMAL
..................................................................
TEMPERATURE (F)
 YESTERDAY
  MAXIMUM         61    847 AM  95    1977  65     -4       68
  MINIMUM         36   1159 PM  29    1982  43     -7       44
  AVERAGE         49                        54     -5       56

PRECIPITATION (IN)
  YESTERDAY        0.46          0.73 1999   0.12   0.34     0.00
  MONTH TO DATE    1.93                      2.41  -0.48     3.73
  SINCE MAR 1      9.25                      7.58   1.67    10.31
  SINCE JAN 1     16.75                     12.50   4.25    15.93

SNOWFALL (IN)
  YESTERDAY        0.0           0.3  2015   0.0    0.0      0.0
  MONTH TO DATE    0.0                       0.5   -0.5       T
  SINCE MAR 1     34.9                      26.2    8.7     33.0
  SINCE JUL 1    137.2                     108.7   28.5    129.6
  SNOW DEPTH       0

DEGREE DAYS
 HEATING
  YESTERDAY       16                        11      5        9
  MONTH TO DATE  307                       343    -36      308
  SINCE MAR 1   2293                      2388    -95     2395
  SINCE JUL 1   8496                      9109   -613     8376

 COOLING
  YESTERDAY        0                         0      0        0
  MONTH TO DATE    0                         0      0        6
  SINCE MAR 1      0                         0      0        6
  SINCE JAN 1      0                         0      0        6
..................................................................


WIND (MPH)
  HIGHEST WIND SPEED    26   HIGHEST WIND DIRECTION     N (350)
  HIGHEST GUST SPEED    38   HIGHEST GUST DIRECTION     N (340)
  AVERAGE WIND SPEED     5.8


SKY COVER
  POSSIBLE SUNSHINE  MM
  AVERAGE SKY COVER 0.6


WEATHER CONDITIONS
 THE FOLLOWING WEATHER WAS RECORDED YESTERDAY.
  HEAVY RAIN
  RAIN
  LIGHT RAIN
  FOG


RELATIVE HUMIDITY (PERCENT)
 HIGHEST    93          1100 AM
 LOWEST     55          1200 AM
 AVERAGE    74

..........................................................


THE CARIBOU ME CLIMATE NORMALS FOR TODAY
                         NORMAL    RECORD    YEAR
 MAXIMUM TEMPERATURE (F)   66        94      1977
 MINIMUM TEMPERATURE (F)   43        28      1956


SUNRISE AND SUNSET
MAY 24 2018...........SUNRISE   448 AM EDT   SUNSET   811 PM EDT
MAY 25 2018...........SUNRISE   447 AM EDT   SUNSET   812 PM EDT
-----------------------------------------------------------------------------------------

THE CARIBOU ME 4 INCH UNDER SOD SOIL TEMPERATURE FOR MAY 23 2018

MAXIMUM  MISSING
MINIMUM  55 F

-  INDICATES NEGATIVE NUMBERS.
R  INDICATES RECORD WAS SET OR TIED.
MM INDICATES DATA IS MISSING.
T  INDICATES TRACE AMOUNT.

$$
