000
CDUS41 KLWX 220529
CLICHO


CLIMATE REPORT
NATIONAL WEATHER SERVICE BALTIMORE MD/WASHINGTON DC
125 AM EDT SUN APR 22 2018


...................................

...THE CHARLOTTESVILLE VA CLIMATE SUMMARY FOR APRIL 21 2018...

CLIMATE NORMAL PERIOD 1981 TO 2010
CLIMATE RECORD PERIOD 1998 TO 2018


WEATHER ITEM   OBSERVED TIME   RECORD YEAR NORMAL DEPARTURE LAST
                VALUE   (LST)  VALUE       VALUE  FROM      YEAR
                                                  NORMAL
..................................................................
TEMPERATURE (F)
 YESTERDAY
  MAXIMUM         67    453 PM  MM      MM  69     -2       88
  MINIMUM         37    518 AM  MM      MM  45     -8       62
  AVERAGE         52                        57     -5       75

PRECIPITATION (IN)
  YESTERDAY        0.00                      0.12  -0.12     0.06
  MONTH TO DATE    2.15                      2.38  -0.23     1.39
  SINCE MAR 1      3.96                      6.04  -2.08     4.12
  SINCE JAN 1      9.82                     11.51  -1.69     7.36

DEGREE DAYS
 HEATING
  YESTERDAY       13                         9      4        0
  MONTH TO DATE  257                       239     18       87
  SINCE MAR 1    916                       831     85      591
  SINCE JUL 1   3799                      4243   -444     2964

 COOLING
  YESTERDAY        0                         1     -1       10
  MONTH TO DATE   16                        13      3       50
  SINCE MAR 1     16                        15      1       54
  SINCE JAN 1     21                        15      6       55
..................................................................


WIND (MPH)
  HIGHEST WIND SPEED    12   HIGHEST WIND DIRECTION    SW (230)
  HIGHEST GUST SPEED    16   HIGHEST GUST DIRECTION     S (190)
  AVERAGE WIND SPEED     3.9


SKY COVER
  POSSIBLE SUNSHINE  MM
  AVERAGE SKY COVER 0.0


WEATHER CONDITIONS
 THE FOLLOWING WEATHER WAS RECORDED YESTERDAY.
  NO SIGNIFICANT WEATHER WAS OBSERVED.


RELATIVE HUMIDITY (PERCENT)
 HIGHEST    59           600 AM
 LOWEST     24           400 PM
 AVERAGE    42

..........................................................


THE CHARLOTTESVILLE VA CLIMATE NORMALS FOR TODAY
                         NORMAL    RECORD    YEAR
 MAXIMUM TEMPERATURE (F)   69        MM        MM
 MINIMUM TEMPERATURE (F)   45        MM        MM


SUNRISE AND SUNSET
APRIL 22 2018.........SUNRISE   629 AM EDT   SUNSET   757 PM EDT
APRIL 23 2018.........SUNRISE   627 AM EDT   SUNSET   757 PM EDT


-  INDICATES NEGATIVE NUMBERS.
R  INDICATES RECORD WAS SET OR TIED.
MM INDICATES DATA IS MISSING.
T  INDICATES TRACE AMOUNT.




$$
