000
CDUS42 KCHS 230620
CLICHS


CLIMATE REPORT
NATIONAL WEATHER SERVICE CHARLESTON SC
220 AM EDT WED MAY 23 2018


...................................

...THE NORTH CHARLESTON SC CLIMATE SUMMARY FOR MAY 22 2018...

CLIMATE NORMAL PERIOD 1981 TO 2010
CLIMATE RECORD PERIOD 1938 TO 2018


WEATHER ITEM   OBSERVED TIME   RECORD YEAR NORMAL DEPARTURE LAST
                VALUE   (LST)  VALUE       VALUE  FROM      YEAR
                                                  NORMAL
..................................................................
TEMPERATURE (F)
 YESTERDAY
  MAXIMUM         85   1155 AM  98    1938  85      0       85
  MINIMUM         70    456 AM  48    1954  64      6       72
  AVERAGE         78                        74      4       79

PRECIPITATION (IN)
  YESTERDAY        T             6.23 1967   0.10  -0.10     0.23
  MONTH TO DATE    6.03                      2.00   4.03     2.17
  SINCE MAR 1     12.37                      8.62   3.75     9.41
  SINCE JAN 1     16.54                     15.29   1.25    13.59

DEGREE DAYS
 HEATING
  YESTERDAY        0                         0      0        0
  MONTH TO DATE    0                         8     -8        3
  SINCE MAR 1    378                       335     43      260
  SINCE JUL 1   1826                      1971   -145     1228

 COOLING
  YESTERDAY       13                         9      4       14
  MONTH TO DATE  221                       151     70      190
  SINCE MAR 1    314                       262     52      431
  SINCE JAN 1    376                       269    107      466
..................................................................


WIND (MPH)
  HIGHEST WIND SPEED    17   HIGHEST WIND DIRECTION     S (160)
  HIGHEST GUST SPEED    24   HIGHEST GUST DIRECTION    SE (130)
  AVERAGE WIND SPEED     6.9


SKY COVER
  POSSIBLE SUNSHINE  MM
  AVERAGE SKY COVER 0.7


WEATHER CONDITIONS
 THE FOLLOWING WEATHER WAS RECORDED YESTERDAY.
  LIGHT RAIN
  FOG


RELATIVE HUMIDITY (PERCENT)
 HIGHEST   100           500 AM
 LOWEST     59          1200 PM
 AVERAGE    80

..........................................................


THE NORTH CHARLESTON SC CLIMATE NORMALS FOR TODAY
                         NORMAL    RECORD    YEAR
 MAXIMUM TEMPERATURE (F)   85        97      2014
 MINIMUM TEMPERATURE (F)   64        47      1954


SUNRISE AND SUNSET
MAY 23 2018...........SUNRISE   616 AM EDT   SUNSET   818 PM EDT
MAY 24 2018...........SUNRISE   616 AM EDT   SUNSET   819 PM EDT


-  INDICATES NEGATIVE NUMBERS.
R  INDICATES RECORD WAS SET OR TIED.
MM INDICATES DATA IS MISSING.
T  INDICATES TRACE AMOUNT.




$$
