000
CDUS46 KLOX 240915
CLICMA


CLIMATE REPORT
NATIONAL WEATHER SERVICE LOS ANGELES/OXNARD CA
215 AM PDT TUE APR 24 2018


...................................

...THE CAMARILLO AIRPORT CA CLIMATE SUMMARY FOR APRIL 23 2018...

CLIMATE NORMAL PERIOD 1981 TO 2010
CLIMATE RECORD PERIOD 1923 TO 2018


WEATHER ITEM   OBSERVED TIME   RECORD YEAR NORMAL DEPARTURE LAST
                VALUE   (LST)  VALUE       VALUE  FROM      YEAR
                                                  NORMAL
..................................................................
TEMPERATURE (F)
 YESTERDAY
  MAXIMUM         69   1230 PM  88    2004  70     -1       72
  MINIMUM         56   1159 PM  38    1932  48      8       53
                                      1925
  AVERAGE         63                        59      4       63

PRECIPITATION (IN)
  YESTERDAY        0.00          0.18 1931   0.04  -0.04     0.00
  MONTH TO DATE    0.03                      0.57  -0.54     0.13
  SINCE OCT 1      5.94                     14.40  -8.46    19.36
  SINCE JAN 1      5.87                     10.40  -4.53    14.70

SNOWFALL (IN)
  YESTERDAY        0.0
  MONTH TO DATE    0.0
  SINCE MAR 1      0.0
  SINCE JUL 1      0.0

DEGREE DAYS
 HEATING
  YESTERDAY        2                         6     -4        2
  MONTH TO DATE   91                       165    -74       91
  SINCE MAR 1    325                       442   -117      253
  SINCE JUL 1   1000                      1778   -778     1241

 COOLING
  YESTERDAY        0                         0      0        0
  MONTH TO DATE   10                         0     10       10
  SINCE MAR 1     10                         4      6       14
  SINCE JAN 1     52                        13     39       15
..................................................................


WIND (MPH)
  HIGHEST WIND SPEED    14   HIGHEST WIND DIRECTION    SW (230)
  HIGHEST GUST SPEED    17   HIGHEST GUST DIRECTION    SW (220)
  AVERAGE WIND SPEED     5.3


SKY COVER
  POSSIBLE SUNSHINE  MM
  AVERAGE SKY COVER 0.6


WEATHER CONDITIONS
 THE FOLLOWING WEATHER WAS RECORDED YESTERDAY.
  FOG
  HAZE


RELATIVE HUMIDITY (PERCENT)
 HIGHEST    93           100 AM
 LOWEST     59          1200 PM
 AVERAGE    76

..........................................................


THE CAMARILLO AIRPORT CA CLIMATE NORMALS FOR TODAY
                         NORMAL    RECORD    YEAR
 MAXIMUM TEMPERATURE (F)   70        94      2001
 MINIMUM TEMPERATURE (F)   48        35      1964


SUNRISE AND SUNSET
APRIL 24 2018.........SUNRISE   614 AM PDT   SUNSET   735 PM PDT
APRIL 25 2018.........SUNRISE   613 AM PDT   SUNSET   736 PM PDT


-  INDICATES NEGATIVE NUMBERS.
R  INDICATES RECORD WAS SET OR TIED.
MM INDICATES DATA IS MISSING.
T  INDICATES TRACE AMOUNT.




$$
