000
CDUS41 KILN 252103
CLICMH


CLIMATE REPORT
NATIONAL WEATHER SERVICE WILMINGTON OH
503 PM EDT WED APR 25 2018


...................................

...THE COLUMBUS OH CLIMATE SUMMARY FOR APRIL 25 2018...
VALID TODAY AS OF 0500 PM LOCAL TIME.

CLIMATE NORMAL PERIOD 1981 TO 2010
CLIMATE RECORD PERIOD 1869 TO 2018


WEATHER ITEM   OBSERVED TIME   RECORD YEAR NORMAL DEPARTURE LAST
                VALUE   (LST)  VALUE       VALUE  FROM      YEAR
                                                  NORMAL
..................................................................
TEMPERATURE (F)
 TODAY
  MAXIMUM         59    259 PM  90    1915  67     -8       76
  MINIMUM         53    848 AM  25    1919  46      7       54
  AVERAGE         56                        56      0       65

PRECIPITATION (IN)
  TODAY            T             1.74 1950   0.12  -0.12     0.00
  MONTH TO DATE    5.23                      2.84   2.39     1.54
  SINCE MAR 1      8.19                      5.86   2.33     6.93
  SINCE JAN 1     15.83                     10.84   4.99    12.39

SNOWFALL (IN)
  TODAY            0.0           0.0    MM   0.0    0.0      0.0
  MONTH TO DATE    2.9                       1.1    1.8       T
  SINCE MAR 1      6.1                       5.3    0.8      1.7
  SINCE JUL 1     30.7                      26.7    4.0      9.3
  SNOW DEPTH       0

DEGREE DAYS
 HEATING
  TODAY            9                         9      0        0
  MONTH TO DATE  454                       329    125      188
  SINCE MAR 1   1267                      1045    222      861
  SINCE JUL 1   5114                      5040     74     4130

 COOLING
  TODAY            0                         1     -1        0
  MONTH TO DATE    9                         7      2       29
  SINCE MAR 1      9                         7      2       31
  SINCE JAN 1     13                         7      6       35
..................................................................


WIND (MPH)
  HIGHEST WIND SPEED    20   HIGHEST WIND DIRECTION     N (350)
  HIGHEST GUST SPEED    23   HIGHEST GUST DIRECTION     N (340)
  AVERAGE WIND SPEED     8.8


SKY COVER
  POSSIBLE SUNSHINE  MM
  AVERAGE SKY COVER 1.0


WEATHER CONDITIONS
 THE FOLLOWING WEATHER WAS RECORDED TODAY.
  LIGHT RAIN
  FOG


RELATIVE HUMIDITY (PERCENT)
 HIGHEST    93          1200 AM
 LOWEST     67           300 PM
 AVERAGE    80

..........................................................


THE COLUMBUS OH CLIMATE NORMALS FOR TOMORROW
                         NORMAL    RECORD    YEAR
 MAXIMUM TEMPERATURE (F)   67        89      1948
                                             1915
 MINIMUM TEMPERATURE (F)   46        26      1972


SUNRISE AND SUNSET
APRIL 25 2018.........SUNRISE   639 AM EDT   SUNSET   820 PM EDT
APRIL 26 2018.........SUNRISE   638 AM EDT   SUNSET   821 PM EDT


-  INDICATES NEGATIVE NUMBERS.
R  INDICATES RECORD WAS SET OR TIED.
MM INDICATES DATA IS MISSING.
T  INDICATES TRACE AMOUNT.




$$
