040
CDUS41 KGYX 210839
CLICON


CLIMATE REPORT
NATIONAL WEATHER SERVICE GRAY ME
430 AM EDT SAT APR 21 2018


...................................

...THE CONCORD NH CLIMATE SUMMARY FOR APRIL 20 2018...

CLIMATE NORMAL PERIOD 1981 TO 2010
CLIMATE RECORD PERIOD 1868 TO 2018


WEATHER ITEM   OBSERVED TIME   RECORD YEAR NORMAL DEPARTURE LAST
                VALUE   (LST)  VALUE       VALUE  FROM      YEAR
                                                  NORMAL
..................................................................
TEMPERATURE (F)
 YESTERDAY
  MAXIMUM         50    147 PM  92    1941  60    -10       63
  MINIMUM         35    554 AM  16    1974  34      1       41
                                      1875
  AVERAGE         43                        47     -4       52

PRECIPITATION (IN)
  YESTERDAY        0.00          1.75 1950   0.11  -0.11     0.00
  MONTH TO DATE    3.15                      2.29   0.86     2.66
  SINCE MAR 1      5.73                      5.56   0.17     6.64
  SINCE JAN 1     12.49                     10.88   1.61    11.59

SNOWFALL (IN)
  YESTERDAY        0.0           5.0  1947   0.1   -0.1      0.0
  MONTH TO DATE    1.7                       2.5   -0.8      6.9
  SINCE MAR 1     30.4                      13.6   16.8     29.3
  SINCE JUL 1     87.9                      61.1   26.8     86.3
  SNOW DEPTH       0

DEGREE DAYS
 HEATING
  YESTERDAY       22                        18      4       13
  MONTH TO DATE  535                       439     96      352
  SINCE MAR 1   1504                      1426     78     1456
  SINCE JUL 1   6301                      6686   -385     5954

 COOLING
  YESTERDAY        0                         0      0        0
  MONTH TO DATE    0                         0      0        2
  SINCE MAR 1      0                         0      0        2
  SINCE JAN 1      0                         0      0        2
..................................................................


WIND (MPH)
  RESULTANT WIND SPEED  15   RESULTANT WIND DIRECTION  NW (310)
  HIGHEST WIND SPEED    25   HIGHEST WIND DIRECTION    NW (310)
  HIGHEST GUST SPEED    34   HIGHEST GUST DIRECTION    NW (310)
  AVERAGE WIND SPEED    14.9


SKY COVER
  AVERAGE SKY COVER 0.7


WEATHER CONDITIONS
 THE FOLLOWING WEATHER WAS RECORDED YESTERDAY.
  NO SIGNIFICANT WEATHER WAS OBSERVED.


RELATIVE HUMIDITY (PERCENT)
 HIGHEST    82           100 AM
 LOWEST     42          1200 PM
 AVERAGE    62

..........................................................


THE CONCORD NH CLIMATE NORMALS FOR TODAY
                         NORMAL    RECORD    YEAR
 MAXIMUM TEMPERATURE (F)   60        84      1977
                                             1957
 MINIMUM TEMPERATURE (F)   35        16      1875


SUNRISE AND SUNSET
APRIL 21 2018.........SUNRISE   554 AM EDT   SUNSET   736 PM EDT
APRIL 22 2018.........SUNRISE   553 AM EDT   SUNSET   737 PM EDT


-  INDICATES NEGATIVE NUMBERS.
R  INDICATES RECORD WAS SET OR TIED.
MM INDICATES DATA IS MISSING.
T  INDICATES TRACE AMOUNT.




$$
