788
CDUS45 KPUB 261039
CLICOS


CLIMATE REPORT
NATIONAL WEATHER SERVICE PUEBLO
439 AM MDT THU APR 26 2018


...................................

...THE COLORADO SPRINGS CO CLIMATE SUMMARY FOR APRIL 25 2018...

CLIMATE NORMAL PERIOD 1981 TO 2010
CLIMATE RECORD PERIOD 1872 TO 2018


WEATHER ITEM   OBSERVED TIME   RECORD YEAR NORMAL DEPARTURE LAST
                VALUE   (LST)  VALUE       VALUE  FROM      YEAR
                                                  NORMAL
..................................................................
TEMPERATURE (F)
 YESTERDAY
  MAXIMUM         63    333 PM  81    2012  63      0       56
                                      1981
                                      1949
  MINIMUM         28    614 AM  20    1924  36     -8       35
                                      1907
  AVERAGE         46                        49     -3       46

PRECIPITATION (IN)
  YESTERDAY        0.00          0.70 1922   0.06  -0.06     0.18
  MONTH TO DATE    1.08                      1.12  -0.04     2.03
  SINCE MAR 1      1.68                      2.12  -0.44     2.47
  SINCE JAN 1      2.24                      2.78  -0.54     2.86

SNOWFALL (IN)
  YESTERDAY        0.0           1.5  1908   0.1   -0.1       T
  MONTH TO DATE    5.3                       4.3    1.0      8.9
  SINCE MAR 1      8.4                      12.4   -4.0     10.9
  SINCE JUL 1     21.6                      36.4  -14.8     24.3
  SNOW DEPTH       T

DEGREE DAYS
 HEATING
  YESTERDAY       19                        16      3       19
  MONTH TO DATE  498                       480     18      361
  SINCE MAR 1   1181                      1285   -104      921
  SINCE JUL 1   5165                      5848   -683     4674

 COOLING
  YESTERDAY        0                         0      0        0
  MONTH TO DATE    0                         0      0        0
  SINCE MAR 1      0                         0      0        0
  SINCE JAN 1      0                         0      0        0
..................................................................


WIND (MPH)
  HIGHEST WIND SPEED    18   HIGHEST WIND DIRECTION     S (170)
  HIGHEST GUST SPEED    22   HIGHEST GUST DIRECTION     S (170)
  AVERAGE WIND SPEED     5.6


SKY COVER
  POSSIBLE SUNSHINE  MM
  AVERAGE SKY COVER 0.3


WEATHER CONDITIONS
 THE FOLLOWING WEATHER WAS RECORDED YESTERDAY.
  FOG
  HAZE


RELATIVE HUMIDITY (PERCENT)
 HIGHEST    92           400 AM
 LOWEST     23           300 PM
 AVERAGE    58

..........................................................


THE COLORADO SPRINGS CO CLIMATE NORMALS FOR TODAY
                         NORMAL    RECORD    YEAR
 MAXIMUM TEMPERATURE (F)   63        83      1981
 MINIMUM TEMPERATURE (F)   36        18      1924


SUNRISE AND SUNSET
APRIL 26 2018.........SUNRISE   607 AM MDT   SUNSET   747 PM MDT
APRIL 27 2018.........SUNRISE   606 AM MDT   SUNSET   747 PM MDT


-  INDICATES NEGATIVE NUMBERS.
R  INDICATES RECORD WAS SET OR TIED.
MM INDICATES DATA IS MISSING.
T  INDICATES TRACE AMOUNT.




$$
