000
CDUS45 KRIW 240031
CLICPR


CLIMATE REPORT
NATIONAL WEATHER SERVICE RIVERTON WY
631 PM MDT MON APR 23 2018


...................................

...THE CASPER WY CLIMATE SUMMARY FOR APRIL 23 2018...
VALID TODAY AS OF 0500 PM LOCAL TIME.

CLIMATE NORMAL PERIOD 1981 TO 2010
CLIMATE RECORD PERIOD 1939 TO 2018


WEATHER ITEM   OBSERVED TIME   RECORD YEAR NORMAL DEPARTURE LAST
                VALUE   (LST)  VALUE       VALUE  FROM      YEAR
                                                  NORMAL
..................................................................
TEMPERATURE (F)
 TODAY
  MAXIMUM         56        MM  82    2012  59     -3       72
                                      1989
  MINIMUM         32        MM   9    2013  30      2       40
  AVERAGE         44                        45     -1       56

PRECIPITATION (IN)
  TODAY            0.02          0.63 1948   0.05  -0.03      T
  MONTH TO DATE    0.62                      0.92  -0.30     1.36
  SINCE MAR 1      1.62                      1.74  -0.12     3.15
  SINCE JAN 1      2.92                      2.82   0.10     4.50

SNOWFALL (IN)
  TODAY           MM                         0.3   MM        0.0
  MONTH TO DATE    5.7                       9.4   -3.7      2.1
  SINCE MAR 1     12.2                      20.3   -8.1      9.9
  SINCE JUL 1     71.7                      69.7    2.0     63.4
  SNOW DEPTH      MM

DEGREE DAYS
 HEATING
  TODAY           21                        20      1        9
  MONTH TO DATE  567                       536     31      464
  SINCE MAR 1   1474                      1461     13     1176
  SINCE JUL 1   6938                      6909     29     6366

 COOLING
  TODAY            0                         0      0        0
  MONTH TO DATE    0                         0      0        0
  SINCE MAR 1      0                         0      0        0
  SINCE JAN 1      0                         0      0        0
..................................................................


WIND (MPH)
  HIGHEST WIND SPEED    27   HIGHEST WIND DIRECTION     N (10)
  HIGHEST GUST SPEED    33   HIGHEST GUST DIRECTION     N (20)
  AVERAGE WIND SPEED    10.2


SKY COVER
  POSSIBLE SUNSHINE  MM
  AVERAGE SKY COVER 0.5


WEATHER CONDITIONS
 THE FOLLOWING WEATHER WAS RECORDED TODAY.
  NO SIGNIFICANT WEATHER WAS OBSERVED.


RELATIVE HUMIDITY (PERCENT)
 HIGHEST    96           500 AM
 LOWEST     50          1100 AM
 AVERAGE    73

..........................................................


THE CASPER WY CLIMATE NORMALS FOR TOMORROW
                         NORMAL    RECORD    YEAR
 MAXIMUM TEMPERATURE (F)   59        83      2012
 MINIMUM TEMPERATURE (F)   31        15      1958


SUNRISE AND SUNSET
APRIL 23 2018.........SUNRISE   611 AM MDT   SUNSET   758 PM MDT
APRIL 24 2018.........SUNRISE   610 AM MDT   SUNSET   759 PM MDT


-  INDICATES NEGATIVE NUMBERS.
R  INDICATES RECORD WAS SET OR TIED.
MM INDICATES DATA IS MISSING.
T  INDICATES TRACE AMOUNT.




$$
