000
CDUS46 KLOX 200130
CLICQT


CLIMATE REPORT
NATIONAL WEATHER SERVICE LOS ANGELES/OXNARD CA
629 PM PDT THU APR 19 2018


...................................

...THE DOWNTOWN LOS ANGELES (USC) CA CLIMATE SUMMARY FOR APRIL 19 2018...
VALID TODAY AS OF 0600 PM LOCAL TIME.

CLIMATE NORMAL PERIOD 1981 TO 2010
CLIMATE RECORD PERIOD 1877 TO 2018


WEATHER ITEM   OBSERVED TIME   RECORD YEAR NORMAL DEPARTURE LAST
                VALUE   (LST)  VALUE       VALUE  FROM      YEAR
                                                  NORMAL
..................................................................
TEMPERATURE (F)
 TODAY
  MAXIMUM         63    158 PM  94    2009  73    -10       76
  MINIMUM         51    655 AM  40    1880  54     -3       61
  AVERAGE         57                        64     -7       69

PRECIPITATION (IN)
  TODAY            0.02          0.86 1904   0.02   0.00     0.00
  MONTH TO DATE    0.02                      0.65  -0.63     0.08
  SINCE OCT 1      4.63                     14.03  -9.40    18.67
  SINCE JAN 1      4.51                     10.00  -5.49    12.72

SNOWFALL (IN)
  TODAY            0.0
  MONTH TO DATE    0.0
  SINCE MAR 1      0.0
  SINCE JUL 1      0.0

DEGREE DAYS
 HEATING
  TODAY            8                         3      5        0
  MONTH TO DATE   37                        69    -32       12
  SINCE MAR 1    182                       226    -44       54
  SINCE JUL 1    593                      1001   -408      706

 COOLING
  TODAY            0                         2     -2        4
  MONTH TO DATE   38                        21     17       29
  SINCE MAR 1     38                        41     -3       94
  SINCE JAN 1     74                        64     10      102
..................................................................


WIND (MPH)
  HIGHEST WIND SPEED    10   HIGHEST WIND DIRECTION     W (260)
  HIGHEST GUST SPEED    18   HIGHEST GUST DIRECTION     W (280)
  AVERAGE WIND SPEED     1.5


SKY COVER
  POSSIBLE SUNSHINE  MM
  AVERAGE SKY COVER 0.5


WEATHER CONDITIONS
 THE FOLLOWING WEATHER WAS RECORDED TODAY.
  LIGHT RAIN


RELATIVE HUMIDITY (PERCENT)
 HIGHEST    77           400 AM
 LOWEST     48          1200 PM
 AVERAGE    63

..........................................................


THE DOWNTOWN LOS ANGELES (USC) CA CLIMATE NORMALS FOR TOMORROW
                         NORMAL    RECORD    YEAR
 MAXIMUM TEMPERATURE (F)   73       100      2009
 MINIMUM TEMPERATURE (F)   54        38      1896


SUNRISE AND SUNSET
APRIL 19 2018.........SUNRISE   617 AM PDT   SUNSET   728 PM PDT
APRIL 20 2018.........SUNRISE   616 AM PDT   SUNSET   729 PM PDT


-  INDICATES NEGATIVE NUMBERS.
R  INDICATES RECORD WAS SET OR TIED.
MM INDICATES DATA IS MISSING.
T  INDICATES TRACE AMOUNT.




$$
