465
CDUS42 KTAE 270631
CLICTY


CLIMATE REPORT
NATIONAL WEATHER SERVICE TALLAHASSEE FL
231 AM EDT SUN MAY 27 2018


...................................

...THE CROSS CITY  CLIMATE SUMMARY FOR MAY 26 2018...

CLIMATE NORMAL PERIOD 1981 TO 2010
CLIMATE RECORD PERIOD 1948 TO 2018


WEATHER ITEM   OBSERVED TIME   NORMAL DEPARTURE LAST
                VALUE   (LST)  VALUE  FROM      YEAR
                                      NORMAL
......................................................
TEMPERATURE (F)
 YESTERDAY
  MAXIMUM         86        MM  90     -4       86
  MINIMUM         71        MM  65      6       54
  AVERAGE         79            77      2

PRECIPITATION (IN)
  YESTERDAY        0.00          0.10  -0.10     0.00
  MONTH TO DATE    6.18          1.96   4.22     4.64
  SINCE MAR 1     17.09          9.13   7.96     7.61
  SINCE JAN 1     24.77         16.44   8.33    10.16

DEGREE DAYS
 HEATING
  YESTERDAY        0             0      0
  MONTH TO DATE    0             0      0
  SINCE MAR 1    215           183     32
  SINCE JUL 1   1164          1303   -139

 COOLING
  YESTERDAY       14            12      2
  MONTH TO DATE  262           234     28
  SINCE MAR 1    394           389      5
  SINCE JAN 1    505           416     89
......................................................


WIND (MPH)
  RESULTANT WIND SPEED   5   RESULTANT WIND DIRECTION  SE (120)
  HIGHEST WIND SPEED    10   HIGHEST WIND DIRECTION    SE (150)
  HIGHEST GUST SPEED    MM   HIGHEST GUST DIRECTION    MM
  AVERAGE WIND SPEED     4.9



WEATHER CONDITIONS
 THE FOLLOWING WEATHER WAS RECORDED YESTERDAY.
  HAZE


RELATIVE HUMIDITY (PERCENT)
 HIGHEST    94
 LOWEST     53

..........................................................




SUNRISE AND SUNSET
MAY 27 2018...........SUNRISE   634 AM EDT   SUNSET   825 PM EDT
MAY 28 2018...........SUNRISE   634 AM EDT   SUNSET   826 PM EDT


-  INDICATES NEGATIVE NUMBERS.
R  INDICATES RECORD WAS SET OR TIED.
MM INDICATES DATA IS MISSING.
T  INDICATES TRACE AMOUNT.




$$
