000
CDUS42 KCAE 200524
CLICUB


CLIMATE REPORT
NATIONAL WEATHER SERVICE COLUMBIA SC
124 AM EDT FRI APR 20 2018


...................................

...THE HAMILTON - OWENS AIRPORT SC CLIMATE SUMMARY FOR APRIL 19 2018...

CLIMATE NORMAL PERIOD 1981 TO 2010
CLIMATE RECORD PERIOD 9999 TO 9999


WEATHER ITEM   OBSERVED TIME   NORMAL DEPARTURE LAST
                VALUE   (LST)  VALUE  FROM      YEAR
                                      NORMAL
......................................................
TEMPERATURE (F)
 YESTERDAY
  MAXIMUM         81    247 PM  77      4       81
  MINIMUM         54   1159 PM  53      1       65
  AVERAGE         68            65      3       73

PRECIPITATION (IN)
  YESTERDAY        0.00          0.08  -0.08     0.00
  MONTH TO DATE    0.88          1.79  -0.91     3.68
  SINCE MAR 1      3.67          5.67  -2.00     7.23
  SINCE JAN 1      7.51         12.95  -5.44    14.93

DEGREE DAYS
 HEATING
  YESTERDAY        0             3     -3        0
  MONTH TO DATE   97            77     20       30
  SINCE MAR 1    447           351     96      299
  SINCE JUL 1   2127          2280   -153     1563

 COOLING
  YESTERDAY        3             3      0        8
  MONTH TO DATE   31            44    -13       77
  SINCE MAR 1     42            59    -17      129
  SINCE JAN 1     91            62     29      147
......................................................


WIND (MPH)
  HIGHEST WIND SPEED    24   HIGHEST WIND DIRECTION     W (270)
  HIGHEST GUST SPEED    34   HIGHEST GUST DIRECTION    SW (240)
  AVERAGE WIND SPEED    11.3


SKY COVER
  AVERAGE SKY COVER 0.0


WEATHER CONDITIONS
 THE FOLLOWING WEATHER WAS RECORDED YESTERDAY.
  NO SIGNIFICANT WEATHER WAS OBSERVED.


RELATIVE HUMIDITY (PERCENT)
 HIGHEST    73           700 AM
 LOWEST     20           200 PM

..........................................................


THE HAMILTON - OWENS AIRPORT SC CLIMATE NORMALS FOR TODAY
                         NORMAL    RECORD    YEAR
 MAXIMUM TEMPERATURE (F)   78        MM        MM
 MINIMUM TEMPERATURE (F)   53        MM        MM


SUNRISE AND SUNSET
APRIL 20 2018.........SUNRISE   647 AM EDT   SUNSET   759 PM EDT
APRIL 21 2018.........SUNRISE   646 AM EDT   SUNSET   800 PM EDT


-  INDICATES NEGATIVE NUMBERS.
R  INDICATES RECORD WAS SET OR TIED.
MM INDICATES DATA IS MISSING.
T  INDICATES TRACE AMOUNT.




$$
