000
CDUS42 KMLB 242017
CLIDAB


CLIMATE REPORT
NATIONAL WEATHER SERVICE MELBOURNE FL
416 PM EDT TUE APR 24 2018


...................................

...THE DAYTONA BEACH CLIMATE SUMMARY FOR APRIL 24 2018...
VALID TODAY AS OF 0400 PM LOCAL TIME.

CLIMATE NORMAL PERIOD 1981 TO 2010
CLIMATE RECORD PERIOD 1923 TO 2018


WEATHER ITEM   OBSERVED TIME   RECORD YEAR NORMAL DEPARTURE LAST
                VALUE   (LST)  VALUE       VALUE  FROM      YEAR
                                                  NORMAL
..................................................................
TEMPERATURE (F)
 TODAY
  MAXIMUM         82    259 PM  96    1968  81      1       86
  MINIMUM         67    617 AM  41    1986  60      7       62
  AVERAGE         75                        70      5       74

PRECIPITATION (IN)
  TODAY            0.00          0.95 1979   0.06  -0.06      T
  MONTH TO DATE    4.09                      1.85   2.24     1.22
  SINCE MAR 1      5.70                      6.09  -0.39     2.29
  SINCE JAN 1     12.50                     11.61   0.89     6.30

SNOWFALL (IN)
  TODAY            0.0
  MONTH TO DATE    T
  SINCE JUL 1      T

DEGREE DAYS
 HEATING
  TODAY            0                         1     -1        0
  MONTH TO DATE    9                        27    -18       13
  SINCE MAR 1    148                       124     24       95
  SINCE JUL 1    645                       806   -161      401

 COOLING
  TODAY           10                         6      4        9
  MONTH TO DATE  130                       107     23      157
  SINCE MAR 1    200                       184     16      278
  SINCE JAN 1    362                       249    113      398
..................................................................


WIND (MPH)
  HIGHEST WIND SPEED    20   HIGHEST WIND DIRECTION     W (250)
  HIGHEST GUST SPEED    26   HIGHEST GUST DIRECTION     W (260)
  AVERAGE WIND SPEED     8.6


SKY COVER
  AVERAGE SKY COVER 0.6


WEATHER CONDITIONS
 THE FOLLOWING WEATHER WAS RECORDED TODAY.
  FOG


RELATIVE HUMIDITY (PERCENT)
 HIGHEST   100          1200 AM
 LOWEST     46           300 PM
 AVERAGE    73

..........................................................


THE DAYTONA BEACH CLIMATE NORMALS FOR TOMORROW
                         NORMAL    RECORD    YEAR
 MAXIMUM TEMPERATURE (F)   81        93      1945
 MINIMUM TEMPERATURE (F)   60        45      2005
                                             1986


SUNRISE AND SUNSET
APRIL 24 2018.........SUNRISE   649 AM EDT   SUNSET   756 PM EDT
APRIL 25 2018.........SUNRISE   648 AM EDT   SUNSET   757 PM EDT


-  INDICATES NEGATIVE NUMBERS.
R  INDICATES RECORD WAS SET OR TIED.
MM INDICATES DATA IS MISSING.
T  INDICATES TRACE AMOUNT.




$$
