000
CDUS43 KDVN 240905
CLIDBQ


CLIMATE REPORT
NATIONAL WEATHER SERVICE QUAD CITIES IA IL
404 AM CDT THU MAY 24 2018


...................................

...THE DUBUQUE IA CLIMATE SUMMARY FOR MAY 23 2018...

CLIMATE NORMAL PERIOD 1981 TO 2010
CLIMATE RECORD PERIOD 1873 TO 2018


WEATHER ITEM   OBSERVED TIME   RECORD YEAR NORMAL DEPARTURE LAST
                VALUE   (LST)  VALUE       VALUE  FROM      YEAR
                                                  NORMAL
..................................................................
TEMPERATURE (F)
 YESTERDAY
  MAXIMUM         80    420 PM  91    1921  71      9       62
  MINIMUM         56    334 AM  31    1963  51      5       51
  AVERAGE         68                        61      7       57

PRECIPITATION (IN)
  YESTERDAY        0.00          1.70 1902   0.14  -0.14     0.06
  MONTH TO DATE    4.46                      3.09   1.37     2.24
  SINCE MAR 1      7.89                      9.16  -1.27     9.37
  SINCE JAN 1     11.94                     11.77   0.17    13.18

SNOWFALL (IN)
  YESTERDAY        0.0          MM      MM   0.0    0.0      0.0
  MONTH TO DATE    0.0                       0.1   -0.1      0.0
  SINCE MAR 1     16.2                       8.4    7.8      4.6
  SINCE JUL 1     38.2                      42.0   -3.8     27.2
  SNOW DEPTH       0

DEGREE DAYS
 HEATING
  YESTERDAY        0                         6     -6        8
  MONTH TO DATE   69                       190   -121      215
  SINCE MAR 1   1804                      1618    186     1533
  SINCE JUL 1   7109                      7011     98     6014

 COOLING
  YESTERDAY        3                         2      1        0
  MONTH TO DATE   23                        16      7       19
  SINCE MAR 1     23                        21      2       24
  SINCE JAN 1     23                        21      2       24
..................................................................


WIND (MPH)
  HIGHEST WIND SPEED    13   HIGHEST WIND DIRECTION    SE (150)
  HIGHEST GUST SPEED    15   HIGHEST GUST DIRECTION    SE (150)
  AVERAGE WIND SPEED     6.1


SKY COVER
  POSSIBLE SUNSHINE  MM
  AVERAGE SKY COVER 0.2


WEATHER CONDITIONS
 THE FOLLOWING WEATHER WAS RECORDED YESTERDAY.
  FOG


RELATIVE HUMIDITY (PERCENT)
 HIGHEST    93           200 AM
 LOWEST     52           300 PM
 AVERAGE    73

..........................................................


THE DUBUQUE IA CLIMATE NORMALS FOR TODAY
                         NORMAL    RECORD    YEAR
 MAXIMUM TEMPERATURE (F)   72        92      1880
 MINIMUM TEMPERATURE (F)   51        35      1925


SUNRISE AND SUNSET
MAY 24 2018...........SUNRISE   533 AM CDT   SUNSET   827 PM CDT
MAY 25 2018...........SUNRISE   533 AM CDT   SUNSET   827 PM CDT


-  INDICATES NEGATIVE NUMBERS.
R  INDICATES RECORD WAS SET OR TIED.
MM INDICATES DATA IS MISSING.
T  INDICATES TRACE AMOUNT.




$$
