000
CDUS45 KTWC 210035 RRA
CLIDUG

CLIMATE REPORT
NATIONAL WEATHER SERVICE TUCSON AZ
535 PM MST FRI APR 20 2018


...................................

...THE DOUGLAS AZ CLIMATE SUMMARY FOR APRIL 20 2018...
VALID TODAY AS OF 0500 PM LOCAL TIME.

CLIMATE NORMAL PERIOD 1981 TO 2010
CLIMATE RECORD PERIOD 1948 TO 2018


WEATHER ITEM   OBSERVED TIME   RECORD YEAR NORMAL DEPARTURE LAST
                VALUE   (LST)  VALUE       VALUE  FROM      YEAR
                                                  NORMAL
..................................................................
TEMPERATURE (F)
 TODAY
  MAXIMUM         75    348 PM  99    1989  81     -6       90
  MINIMUM         45    519 AM  27    1995  44      1       45
  AVERAGE         60                        62     -2       68

PRECIPITATION (IN)
  TODAY            0.00                      0.01  -0.01     0.00
  MONTH TO DATE    0.00                      0.15  -0.15      T
  SINCE OCT 1      1.87                      4.59  -2.72     3.05
  SINCE JAN 1      1.04                      2.04  -1.00     1.70

DEGREE DAYS
 HEATING
  TODAY            5                         4      1        0
  MONTH TO DATE   57                       112    -55       89
  SINCE MAR 1    324                       437   -113      270
  SINCE JUL 1   1999                      2473   -474     2063

 COOLING
  TODAY            0                         1     -1        3
  MONTH TO DATE   25                         8     17       10
  SINCE MAR 1     32                         9     23       17
  SINCE JAN 1     32                         9     23       17
..................................................................


WIND (MPH)
  HIGHEST WIND SPEED    26   HIGHEST WIND DIRECTION    NW (330)
  HIGHEST GUST SPEED    36   HIGHEST GUST DIRECTION    NW (320)
  AVERAGE WIND SPEED    11.4


SKY COVER
  POSSIBLE SUNSHINE  MM
  AVERAGE SKY COVER 0.0


WEATHER CONDITIONS
 THE FOLLOWING WEATHER WAS RECORDED TODAY.
  NO SIGNIFICANT WEATHER WAS OBSERVED.


RELATIVE HUMIDITY (PERCENT)
 HIGHEST    42
 LOWEST      7
 AVERAGE    25

..........................................................


THE DOUGLAS AZ CLIMATE NORMALS FOR TOMORROW
                         NORMAL    RECORD    YEAR
 MAXIMUM TEMPERATURE (F)   81        97      1989
 MINIMUM TEMPERATURE (F)   45        31      2002


SUNRISE AND SUNSET
APRIL 20 2018.........SUNRISE   544 AM MST   SUNSET   651 PM MST
APRIL 21 2018.........SUNRISE   543 AM MST   SUNSET   651 PM MST


-  INDICATES NEGATIVE NUMBERS.
R  INDICATES RECORD WAS SET OR TIED.
MM INDICATES DATA IS MISSING.
T  INDICATES TRACE AMOUNT.




$$
