000
CDUS45 KLKN 270927
CLIEKO


CLIMATE REPORT
NATIONAL WEATHER SERVICE ELKO NV
227 AM PDT SUN MAY 27 2018


...................................

...THE ELKO AIRPORT NV CLIMATE SUMMARY FOR MAY 26 2018...

CLIMATE NORMAL PERIOD 1981 TO 2010
CLIMATE RECORD PERIOD 1888 TO 2018


WEATHER ITEM   OBSERVED TIME   RECORD YEAR NORMAL DEPARTURE LAST
                VALUE   (LST)  VALUE       VALUE  FROM      YEAR
                                                  NORMAL
..................................................................
TEMPERATURE (F)
 YESTERDAY
  MAXIMUM         72   1246 PM  94    1919  72      0       65
  MINIMUM         43   1159 PM  20    1895  40      3       41
  AVERAGE         58                        56      2       53

PRECIPITATION (IN)
  YESTERDAY        0.21          0.75 1941   0.03   0.18     0.00
  MONTH TO DATE    1.28                      0.81   0.47     0.57
  SINCE OCT 1      6.94                      7.80  -0.86    12.85
  SINCE JAN 1      5.24                      4.74   0.50     7.22

SNOWFALL (IN)
  YESTERDAY        0.0           0.2  1998   0.0    0.0      0.0
  MONTH TO DATE    T                         0.5   -0.5       T
  SINCE MAR 1     14.3                       8.8    5.5      1.9
  SINCE JUL 1     28.2                      41.3  -13.1     53.3
  SNOW DEPTH       0

DEGREE DAYS
 HEATING
  YESTERDAY        7                         9     -2       12
  MONTH TO DATE  225                       322    -97      258
  SINCE MAR 1   1626                      1725    -99     1481
  SINCE JUL 1   6268                      6893   -625     6217

 COOLING
  YESTERDAY        0                         0      0        0
  MONTH TO DATE    1                         0      1        0
  SINCE MAR 1      1                         0      1        0
  SINCE JAN 1      1                         0      1        0
..................................................................


WIND (MPH)
  HIGHEST WIND SPEED    24   HIGHEST WIND DIRECTION    NW (330)
  HIGHEST GUST SPEED    30   HIGHEST GUST DIRECTION    NW (320)
  AVERAGE WIND SPEED     7.7



WEATHER CONDITIONS
 THE FOLLOWING WEATHER WAS RECORDED YESTERDAY.
  THUNDERSTORM
  LIGHT RAIN


RELATIVE HUMIDITY (PERCENT)
 HIGHEST    92           800 PM
 LOWEST     31           100 PM
 AVERAGE    62

..........................................................


THE ELKO AIRPORT NV CLIMATE NORMALS FOR TODAY
                         NORMAL    RECORD    YEAR
 MAXIMUM TEMPERATURE (F)   73        90      1986
                                             1919
 MINIMUM TEMPERATURE (F)   40        22      1911


SUNRISE AND SUNSET
MAY 27 2018...........SUNRISE   516 AM PDT   SUNSET   805 PM PDT
MAY 28 2018...........SUNRISE   516 AM PDT   SUNSET   806 PM PDT


-  INDICATES NEGATIVE NUMBERS.
R  INDICATES RECORD WAS SET OR TIED.
MM INDICATES DATA IS MISSING.
T  INDICATES TRACE AMOUNT.




$$
