000
CDUS44 KEPZ 210947
CLIELP


CLIMATE REPORT
NATIONAL WEATHER SERVICE EL PASO, TX
345 AM MDT SAT APR 21 2018


...................................

...THE EL PASO CLIMATE SUMMARY FOR APRIL 20 2018...

CLIMATE NORMAL PERIOD 1981 TO 2010
CLIMATE RECORD PERIOD 1879 TO 2018


WEATHER ITEM   OBSERVED TIME   RECORD YEAR NORMAL DEPARTURE LAST
                VALUE   (LST)  VALUE       VALUE  FROM      YEAR
                                                  NORMAL
..................................................................
TEMPERATURE (F)
 YESTERDAY
  MAXIMUM         78    210 PM  96    1989  80     -2       91
  MINIMUM         61   1159 PM  36    1975  52      9       55
                                      1920
  AVERAGE         70                        66      4       73

PRECIPITATION (IN)
  YESTERDAY        0.00          0.36 1946   0.01  -0.01     0.00
  MONTH TO DATE    T                         0.15  -0.15     0.00
  SINCE MAR 1      0.21                      0.41  -0.20      T
  SINCE JAN 1      0.98                      1.27  -0.29     1.21

SNOWFALL (IN)
  YESTERDAY        0.0                                       0.0
  MONTH TO DATE    0.0                                       0.0
  SINCE MAR 1      0.0                                       0.0
  SINCE JUL 1      0.1                                        T
  SNOW DEPTH       0

DEGREE DAYS
 HEATING
  YESTERDAY        0                         2     -2        0
  MONTH TO DATE   10                        76    -66       25
  SINCE MAR 1    147                       346   -199       88
  SINCE JUL 1   1642                      2449   -807     1557

 COOLING
  YESTERDAY        5                         3      2        8
  MONTH TO DATE  127                        39     88      106
  SINCE MAR 1    164                        49    115      175
  SINCE JAN 1    164                        49    115      178
..................................................................


WIND (MPH)
  HIGHEST WIND SPEED    36   HIGHEST WIND DIRECTION     W (280)
  HIGHEST GUST SPEED    46   HIGHEST GUST DIRECTION     W (270)
  AVERAGE WIND SPEED    18.4


SKY COVER
  POSSIBLE SUNSHINE  MM
  AVERAGE SKY COVER 0.1


WEATHER CONDITIONS
 THE FOLLOWING WEATHER WAS RECORDED YESTERDAY.
  NO SIGNIFICANT WEATHER WAS OBSERVED.


RELATIVE HUMIDITY (PERCENT)
 HIGHEST    60           600 AM
 LOWEST      6           400 PM
 AVERAGE    33

..........................................................


THE EL PASO CLIMATE NORMALS FOR TODAY
                         NORMAL    RECORD    YEAR
 MAXIMUM TEMPERATURE (F)   80        98      1989
 MINIMUM TEMPERATURE (F)   52        34      1977


SUNRISE AND SUNSET
APRIL 21 2018.........SUNRISE   630 AM MDT   SUNSET   739 PM MDT
APRIL 22 2018.........SUNRISE   629 AM MDT   SUNSET   740 PM MDT


-  INDICATES NEGATIVE NUMBERS.
R  INDICATES RECORD WAS SET OR TIED.
MM INDICATES DATA IS MISSING.
T  INDICATES TRACE AMOUNT.




$$
