000
CDUS45 KLKN 200929
CLIELY


CLIMATE REPORT
NATIONAL WEATHER SERVICE ELKO NV
228 AM PDT SUN MAY 20 2018


...................................

...THE ELY AIRPORT NV CLIMATE SUMMARY FOR MAY 19 2018...

CLIMATE NORMAL PERIOD 1981 TO 2010
CLIMATE RECORD PERIOD 1893 TO 2018


WEATHER ITEM   OBSERVED TIME   RECORD YEAR NORMAL DEPARTURE LAST
                VALUE   (LST)  VALUE       VALUE  FROM      YEAR
                                                  NORMAL
..................................................................
TEMPERATURE (F)
 YESTERDAY
  MAXIMUM         69   1112 AM  88    2008  69      0       63
  MINIMUM         34    442 AM  17    1960  34      0       23
  AVERAGE         52                        52      0       43

PRECIPITATION (IN)
  YESTERDAY        0.03          0.80 1904   0.04  -0.01     0.00
  MONTH TO DATE    0.61                      0.66  -0.05     0.27
  SINCE OCT 1      4.29                      6.28  -1.99     7.94
  SINCE JAN 1      3.71                      3.99  -0.28     6.16

SNOWFALL (IN)
  YESTERDAY        0.0           2.2  1974   0.1   -0.1      0.0
  MONTH TO DATE    0.7                       1.9   -1.2      1.2
  SINCE MAR 1     18.4                      15.4    3.0     18.4
  SINCE JUL 1     44.9                      50.3   -5.4     68.0
  SNOW DEPTH       0

DEGREE DAYS
 HEATING
  YESTERDAY       13                        13      0       22
  MONTH TO DATE  262                       302    -40      296
  SINCE MAR 1   1776                      1868    -92     1708
  SINCE JUL 1   6573                      7205   -632     6669

 COOLING
  YESTERDAY        0                         0      0        0
  MONTH TO DATE    0                         0      0        0
  SINCE MAR 1      0                         0      0        0
  SINCE JAN 1      0                         0      0        0
..................................................................


WIND (MPH)
  HIGHEST WIND SPEED    35   HIGHEST WIND DIRECTION     S (160)
  HIGHEST GUST SPEED    42   HIGHEST GUST DIRECTION     S (160)
  AVERAGE WIND SPEED     8.9



WEATHER CONDITIONS
 THE FOLLOWING WEATHER WAS RECORDED YESTERDAY.
  LIGHT RAIN


RELATIVE HUMIDITY (PERCENT)
 HIGHEST    92           400 AM
 LOWEST     29          1100 AM
 AVERAGE    61

..........................................................


THE ELY AIRPORT NV CLIMATE NORMALS FOR TODAY
                         NORMAL    RECORD    YEAR
 MAXIMUM TEMPERATURE (F)   69        88      2008
 MINIMUM TEMPERATURE (F)   34        17      1959


SUNRISE AND SUNSET
MAY 20 2018...........SUNRISE   522 AM PDT   SUNSET   751 PM PDT
MAY 21 2018...........SUNRISE   521 AM PDT   SUNSET   751 PM PDT


-  INDICATES NEGATIVE NUMBERS.
R  INDICATES RECORD WAS SET OR TIED.
MM INDICATES DATA IS MISSING.
T  INDICATES TRACE AMOUNT.




$$
