000
CDUS43 KTOP 210632
CLIEMP


CLIMATE REPORT
NATIONAL WEATHER SERVICE TOPEKA KS
132 AM CDT SAT APR 21 2018


...................................

...THE EMPORIA KS CLIMATE SUMMARY FOR APRIL 20 2018...

CLIMATE NORMAL PERIOD 1981 TO 2010
CLIMATE RECORD PERIOD 9999 TO 9999


WEATHER ITEM   OBSERVED NORMAL DEPARTURE LAST
                VALUE   VALUE  FROM      YEAR
                               NORMAL
...............................................
TEMPERATURE (F)
 YESTERDAY
  MAXIMUM         65     69     -4       69
  MINIMUM         33     45    -12       53
  AVERAGE         49     57     -8       61

PRECIPITATION (IN)
  YESTERDAY        0.00   0.13  -0.13     0.10
  MONTH TO DATE    0.19   1.91  -1.72     3.48
  SINCE MAR 1      2.38   4.44  -2.06     7.67
  SINCE JAN 1      3.71   6.30  -2.59     9.41

DEGREE DAYS
 HEATING
  YESTERDAY       16      9      7        4
  MONTH TO DATE  409    229    180      127
  SINCE MAR 1   1000    839    161      603
  SINCE JUL 1   4728   4661     67     3694

 COOLING
  YESTERDAY        0      1     -1        0
  MONTH TO DATE    4     14    -10       30
  SINCE MAR 1      4     16    -12       42
  SINCE JAN 1      4     16    -12       42
...............................................


WIND (MPH)
  HIGHEST WIND SPEED    23   HIGHEST WIND DIRECTION    SE (130)
  HIGHEST GUST SPEED    32   HIGHEST GUST DIRECTION    SE (120)
  AVERAGE WIND SPEED    12.2


SKY COVER
  AVERAGE SKY COVER 0.0


WEATHER CONDITIONS
 THE FOLLOWING WEATHER WAS RECORDED YESTERDAY.
  NO SIGNIFICANT WEATHER WAS OBSERVED.


RELATIVE HUMIDITY (PERCENT)
 HIGHEST    82
 LOWEST     25
 AVERAGE    54

..........................................................


THE EMPORIA KS CLIMATE NORMALS FOR TODAY
                         NORMAL
 MAXIMUM TEMPERATURE (F)   69
 MINIMUM TEMPERATURE (F)   46


SUNRISE AND SUNSET
APRIL 21 2018.........SUNRISE   641 AM CDT   SUNSET   807 PM CDT
APRIL 22 2018.........SUNRISE   639 AM CDT   SUNSET   808 PM CDT


-  INDICATES NEGATIVE NUMBERS.
R  INDICATES RECORD WAS SET OR TIED.
MM INDICATES DATA IS MISSING.
T  INDICATES TRACE AMOUNT.




$$
