000
CDUS46 KOTX 220833
CLIEPH


CLIMATE REPORT
NATIONAL WEATHER SERVICE SPOKANE, WA
133 AM PDT TUE MAY 22 2018


...................................

...THE EPHRATA WA AIRPORT CLIMATE SUMMARY FOR MAY 21 2018...

CLIMATE NORMAL PERIOD 1981 TO 2010
CLIMATE RECORD PERIOD 9999 TO 9999


WEATHER ITEM   OBSERVED TIME   RECORD YEAR NORMAL DEPARTURE LAST
                VALUE   (LST)  VALUE       VALUE  FROM      YEAR
                                                  NORMAL
..................................................................
TEMPERATURE (F)
 YESTERDAY
  MAXIMUM         82    527 PM  93    1958  74      8       84
  MINIMUM         59   1157 PM  32    2010  48     11       50
  AVERAGE         71                        61     10       67

PRECIPITATION (IN)
  YESTERDAY        0.00          0.79 1972   0.02  -0.02     0.00
  MONTH TO DATE    1.13                      0.39   0.74     0.74
  SINCE OCT 1      7.39                      6.03   1.36     9.09
  SINCE JAN 1      4.81                      3.20   1.61     5.49

SNOWFALL (IN)
  YESTERDAY       MM

DEGREE DAYS
 HEATING
  YESTERDAY        0                         5     -5        0
  MONTH TO DATE   25                       168   -143      169
  SINCE MAR 1   1103                      1292   -189     1310
  SINCE JUL 1   5337                      5865   -528     6088

 COOLING
  YESTERDAY        6                         1      5        2
  MONTH TO DATE   56                        18     38        9
  SINCE MAR 1     61                        20     41        9
  SINCE JAN 1     61                        20     41        9
..................................................................


WIND (MPH)
  HIGHEST WIND SPEED    22   HIGHEST WIND DIRECTION    NW (310)
  HIGHEST GUST SPEED    27   HIGHEST GUST DIRECTION    NW (310)
  AVERAGE WIND SPEED     7.4


SKY COVER
  POSSIBLE SUNSHINE  MM
  AVERAGE SKY COVER 0.0


WEATHER CONDITIONS
 THE FOLLOWING WEATHER WAS RECORDED YESTERDAY.
  NO SIGNIFICANT WEATHER WAS OBSERVED.


RELATIVE HUMIDITY (PERCENT)
 HIGHEST    69          1100 PM
 LOWEST     28           200 PM
 AVERAGE    49

..........................................................


THE EPHRATA WA AIRPORT CLIMATE NORMALS FOR TODAY
                         NORMAL    RECORD    YEAR
 MAXIMUM TEMPERATURE (F)   74        96      1958
 MINIMUM TEMPERATURE (F)   48        31      1960


SUNRISE AND SUNSET
MAY 22 2018...........SUNRISE   514 AM PDT   SUNSET   836 PM PDT
MAY 23 2018...........SUNRISE   513 AM PDT   SUNSET   838 PM PDT


-  INDICATES NEGATIVE NUMBERS.
R  INDICATES RECORD WAS SET OR TIED.
MM INDICATES DATA IS MISSING.
T  INDICATES TRACE AMOUNT.




$$
