000
CDUS42 KMHX 222137
CLIEWN


CLIMATE REPORT
NATIONAL WEATHER SERVICE NEWPORT/MOREHEAD CITY NC
537 PM EDT TUE MAY 22 2018


...................................

...THE NEW BERN NC CLIMATE SUMMARY FOR MAY 22 2018...
VALID TODAY AS OF 0500 PM LOCAL TIME.

CLIMATE NORMAL PERIOD 1981 TO 2010
CLIMATE RECORD PERIOD 1948 TO 2018


WEATHER ITEM   OBSERVED TIME   RECORD YEAR NORMAL DEPARTURE LAST
                VALUE   (LST)  VALUE       VALUE  FROM      YEAR
                                                  NORMAL
..................................................................
TEMPERATURE (F)
 TODAY
  MAXIMUM         84    237 PM  95    1975  82      2       86
  MINIMUM         67    345 AM  45    1992  61      6       68
  AVERAGE         76                        71      5       77

PRECIPITATION (IN)
  TODAY            0.00          1.27 1990   0.14  -0.14     0.06
  MONTH TO DATE    3.72                      2.84   0.88     1.97
  SINCE MAR 1     11.83                     10.40   1.43    10.37
  SINCE JAN 1     18.24                     18.08   0.16    16.59

SNOWFALL (IN)
  TODAY            0.0
  MONTH TO DATE    0.0
  SINCE NOV 1      6.0
  SINCE JUL 1      6.0
  SNOW DEPTH       0

DEGREE DAYS
 HEATING
  TODAY            0                         1     -1        0
  MONTH TO DATE   10                        31    -21       28
  SINCE MAR 1    743                       552    191      494
  SINCE JUL 1   2912                      2698    214     2234

 COOLING
  TODAY           11                         7      4       12
  MONTH TO DATE  163                       103     60      124
  SINCE MAR 1    182                       170     12      266
  SINCE JAN 1    224                       173     51      272
..................................................................


WIND (MPH)
  HIGHEST WIND SPEED    16   HIGHEST WIND DIRECTION     S (180)
  HIGHEST GUST SPEED    20   HIGHEST GUST DIRECTION     S (180)
  AVERAGE WIND SPEED     6.0


SKY COVER
  POSSIBLE SUNSHINE  MM
  AVERAGE SKY COVER 0.3


WEATHER CONDITIONS
 THE FOLLOWING WEATHER WAS RECORDED TODAY.
  FOG


RELATIVE HUMIDITY (PERCENT)
 HIGHEST   100           100 AM
 LOWEST     62           100 PM
 AVERAGE    81

..........................................................


THE NEW BERN NC CLIMATE NORMALS FOR TOMORROW
                         NORMAL    RECORD    YEAR
 MAXIMUM TEMPERATURE (F)   82        97      1953
 MINIMUM TEMPERATURE (F)   61        44      2002


SUNRISE AND SUNSET
MAY 22 2018...........SUNRISE   600 AM EDT   SUNSET   810 PM EDT
MAY 23 2018...........SUNRISE   559 AM EDT   SUNSET   811 PM EDT


-  INDICATES NEGATIVE NUMBERS.
R  INDICATES RECORD WAS SET OR TIED.
MM INDICATES DATA IS MISSING.
T  INDICATES TRACE AMOUNT.




$$
