000
CDUS41 KOKX 270624
CLIEWR


CLIMATE REPORT
NATIONAL WEATHER SERVICE NEW YORK NY
224 AM EDT SUN MAY 27 2018


...................................

...THE NEWARK NJ CLIMATE SUMMARY FOR MAY 26 2018...

CLIMATE NORMAL PERIOD 1981 TO 2010
CLIMATE RECORD PERIOD 1929 TO 2018


WEATHER ITEM   OBSERVED TIME   RECORD YEAR NORMAL DEPARTURE LAST
                VALUE   (LST)  VALUE       VALUE  FROM      YEAR
                                                  NORMAL
..................................................................
TEMPERATURE (F)
 YESTERDAY
  MAXIMUM         92    152 PM  96    1965  75     17       76
  MINIMUM         70    440 AM  44    1967  56     14       55
  AVERAGE         81                        66     15       66

PRECIPITATION (IN)
  YESTERDAY        0.00          1.29 2003   0.14  -0.14     0.15
  MONTH TO DATE    2.92                      3.38  -0.46     6.87
  SINCE MAR 1     13.25                     11.76   1.49    15.43
  SINCE JAN 1     21.05                     18.18   2.87    22.17

SNOWFALL (IN)
  YESTERDAY        0.0           0.0  2002   0.0    0.0      0.0
                                      2001
  MONTH TO DATE    0.0                       0.0    0.0      0.0
  SINCE OCT 1     39.4                      28.5   10.9     30.0
  SINCE JUL 1     39.4                      28.5   10.9     30.0
  SNOW DEPTH       0

DEGREE DAYS
 HEATING
  YESTERDAY        0                         3     -3        0
  MONTH TO DATE   56                       126    -70      155
  SINCE MAR 1   1280                      1211     69     1192
  SINCE JUL 1   4605                      4846   -241     4201

 COOLING
  YESTERDAY       16                         3     13        1
  MONTH TO DATE  106                        44     62       54
  SINCE MAR 1    112                        56     56       90
  SINCE JAN 1    115                        56     59       90
..................................................................


WIND (MPH)
  HIGHEST WIND SPEED    18   HIGHEST WIND DIRECTION    SW (240)
  HIGHEST GUST SPEED    25   HIGHEST GUST DIRECTION     W (250)
  AVERAGE WIND SPEED     8.1


SKY COVER
  AVERAGE SKY COVER 0.5


WEATHER CONDITIONS
 THE FOLLOWING WEATHER WAS RECORDED YESTERDAY.
  NO SIGNIFICANT WEATHER WAS OBSERVED.


RELATIVE HUMIDITY (PERCENT)
 HIGHEST    79           300 AM
 LOWEST     38           200 PM
 AVERAGE    59

..........................................................


THE NEWARK NJ CLIMATE NORMALS FOR TODAY
                         NORMAL    RECORD    YEAR
 MAXIMUM TEMPERATURE (F)   76        97      1965
 MINIMUM TEMPERATURE (F)   57        43      1967
                                             1961


SUNRISE AND SUNSET
MAY 27 2018...........SUNRISE   530 AM EDT   SUNSET   818 PM EDT
MAY 28 2018...........SUNRISE   530 AM EDT   SUNSET   819 PM EDT


-  INDICATES NEGATIVE NUMBERS.
R  INDICATES RECORD WAS SET OR TIED.
MM INDICATES DATA IS MISSING.
T  INDICATES TRACE AMOUNT.




$$
