000
CDAK49 PAFG 200945
CLIFAI

CLIMATE REPORT
NATIONAL WEATHER SERVICE FAIRBANKS AK
145 AM AKDT FRI APR 20 2018

...................................

...THE FAIRBANKS AK CLIMATE SUMMARY FOR APRIL 19 2018...

CLIMATE NORMAL PERIOD 1981 TO 2010
CLIMATE RECORD PERIOD 1904 TO 2018


WEATHER ITEM   OBSERVED TIME   RECORD YEAR NORMAL DEPARTURE LAST
                VALUE   (LST)  VALUE       VALUE  FROM      YEAR
                                                  NORMAL
..................................................................
TEMPERATURE (F)
 YESTERDAY
  MAXIMUM         38    356 PM  66    2010  47     -9       35
                                      1999
  MINIMUM         21    423 AM  -7    1959  24     -3       19
  AVERAGE         30                        36     -6       27

PRECIPITATION (IN)
  YESTERDAY        0.00          0.40 1924   0.01  -0.01     0.00
  MONTH TO DATE    T                         0.16  -0.16     0.09
  SINCE MAR 1      0.58                      0.41   0.17     0.26
  SINCE JAN 1      3.24                      1.41   1.83     2.46

SNOWFALL (IN)
  YESTERDAY        0.0           4.7  1924   0.1   -0.1      0.0
  MONTH TO DATE    T                         2.1   -2.1      1.2
  SINCE MAR 1      8.9                       7.0    1.9      4.7
  SINCE JUL 1     83.2                      63.3   19.9     83.7
  SNOW DEPTH      16

DEGREE DAYS
 HEATING
  YESTERDAY       35                        30      5       38
  MONTH TO DATE  697                       692      5      594
  SINCE MAR 1   2220                      2352   -132     2693
  SINCE JUL 1  11445                     12742  -1297    12823

 COOLING
  YESTERDAY        0                         0      0        0
  MONTH TO DATE    0                         0      0        0
  SINCE MAR 1      0                         0      0        0
  SINCE JAN 1      0                         0      0        0
..................................................................


WIND (MPH)
  HIGHEST GUST SPEED    20   HIGHEST GUST DIRECTION     N (360)


SKY COVER
  AVERAGE SKY COVER 0.3


WEATHER CONDITIONS
 THE FOLLOWING WEATHER WAS RECORDED YESTERDAY.
  NO SIGNIFICANT WEATHER WAS OBSERVED.


RELATIVE HUMIDITY (PERCENT)
 HIGHEST    55
 LOWEST     35
 AVERAGE    45

..........................................................


THE FAIRBANKS AK CLIMATE NORMALS FOR TODAY
                         NORMAL    RECORD    YEAR
 MAXIMUM TEMPERATURE (F)   48        64      1999
 MINIMUM TEMPERATURE (F)   25        -6      1937


SUNRISE AND SUNSET
APRIL 20 2018.........SUNRISE   558 AM AKDT  SUNSET   945 PM AKDT
APRIL 21 2018.........SUNRISE   554 AM AKDT  SUNSET   948 PM AKDT


-  INDICATES NEGATIVE NUMBERS.
R  INDICATES RECORD WAS SET OR TIED.
MM INDICATES DATA IS MISSING.
T  INDICATES TRACE AMOUNT.

&&

SNOW DEPTH IS MEASURED AT 3AM AKST/4AM AKDT

----------------------------
AVAILABLE DAYLIGHT

AMOUNT OF DAYLIGHT TODAY  (HOUR:MIN)........15:47
GAIN SINCE YESTERDAY........................7 MINUTES
----------------------------

$$
AY APR 18
