000
CDUS42 KRAH 210726
CLIFAY


CLIMATE REPORT
NATIONAL WEATHER SERVICE RALEIGH NC
324 AM EDT MON MAY 21 2018


...................................

...THE FAYETTEVILLE REGL AIRPORT NC CLIMATE SUMMARY FOR MAY 20 2018...

CLIMATE NORMAL PERIOD 1981 TO 2010
CLIMATE RECORD PERIOD 1910 TO 2018


WEATHER ITEM   OBSERVED TIME   RECORD YEAR NORMAL DEPARTURE LAST
                VALUE   (LST)  VALUE       VALUE  FROM      YEAR
                                                  NORMAL
..................................................................
TEMPERATURE (F)
 YESTERDAY
  MAXIMUM         86    304 PM  99    1938  83      3       96
  MINIMUM         70    558 AM  43    2002  60     10       70
  AVERAGE         78                        72      6       83

PRECIPITATION (IN)
  YESTERDAY        0.00          2.18 1988   0.11  -0.11     0.00
  MONTH TO DATE    1.28                      1.81  -0.53     0.90
  SINCE MAR 1      7.07                      8.18  -1.11     7.84
  SINCE JAN 1     11.77                     14.24  -2.47    11.26

DEGREE DAYS
 HEATING
  YESTERDAY        0                         0      0        0
  MONTH TO DATE    0                        23    -23       12
  SINCE MAR 1    637                       505    132      405
  SINCE JUL 1   2703                      2730    -27     2027

 COOLING
  YESTERDAY       13                         7      6       18
  MONTH TO DATE  191                       105     86      150
  SINCE MAR 1    232                       184     48      353
  SINCE JAN 1    280                       188     92      368
..................................................................


WIND (MPH)
  HIGHEST WIND SPEED    13   HIGHEST WIND DIRECTION     W (250)
  HIGHEST GUST SPEED    16   HIGHEST GUST DIRECTION     W (260)
  AVERAGE WIND SPEED     7.4


SKY COVER
  POSSIBLE SUNSHINE  MM
  AVERAGE SKY COVER 0.6


WEATHER CONDITIONS
 THE FOLLOWING WEATHER WAS RECORDED YESTERDAY.
  FOG


RELATIVE HUMIDITY (PERCENT)
 HIGHEST    97          1200 AM
 LOWEST     55           300 PM
 AVERAGE    76

..........................................................


THE FAYETTEVILLE REGL AIRPORT NC CLIMATE NORMALS FOR TODAY
                         NORMAL    RECORD    YEAR
 MAXIMUM TEMPERATURE (F)   84        99      1941
 MINIMUM TEMPERATURE (F)   61        44      2002


SUNRISE AND SUNSET
MAY 21 2018...........SUNRISE   608 AM EDT   SUNSET   817 PM EDT
MAY 22 2018...........SUNRISE   607 AM EDT   SUNSET   818 PM EDT


-  INDICATES NEGATIVE NUMBERS.
R  INDICATES RECORD WAS SET OR TIED.
MM INDICATES DATA IS MISSING.
T  INDICATES TRACE AMOUNT.




$$
