722
CDUS43 KFGF 200639 CCA
CLIFGF

CLIMATE REPORT...CORRECTED FOR LOW TEMPERATURE
NATIONAL WEATHER SERVICE EASTERN NORTH DAKOTA/GRAND FORKS
135 AM CDT FRI APR 20 2018


...................................

...THE GRAND FORKS UNIV. (NWS) ND CLIMATE SUMMARY FOR APRIL 19 2018...

CLIMATE NORMAL PERIOD 1981 TO 2010
CLIMATE RECORD PERIOD 1893 TO 2018


WEATHER ITEM   OBSERVED TIME   RECORD YEAR NORMAL DEPARTURE LAST
                VALUE   (LST)  VALUE       VALUE  FROM      YEAR
                                                  NORMAL
..................................................................
TEMPERATURE (F)
 YESTERDAY
  MAXIMUM         57        MM  86    1987  57      0       52
                                      1952
  MINIMUM         29        MM   7    1928  33      4       27
  AVERAGE         43                        45      2       40

PRECIPITATION (IN)
  YESTERDAY        0.00          1.32 1894   0.03  -0.03     0.00
  MONTH TO DATE    0.18                      0.54  -0.36     0.68
  SINCE MAR 1      1.60                      1.56   0.04     1.52
  SINCE JAN 1      2.73                      2.86  -0.13     2.62

SNOWFALL (IN)
  YESTERDAY        0.0           3.5  1970   0.0    0.0      0.0
  MONTH TO DATE    1.6                       0.8    0.8      0.0
  SINCE MAR 1     18.4                       7.2   11.2      0.1
  SINCE JUL 1     57.0                      42.5   14.5     43.0
  SNOW DEPTH       0

DEGREE DAYS
 HEATING
  YESTERDAY       18                        20     -2       25
  MONTH TO DATE  717                       473    244      381
  SINCE MAR 1   1943                      1679    264     1562
  SINCE JUL 1   8923                      8639    284     7510

 COOLING
  YESTERDAY        0                         0      0        0
  MONTH TO DATE    0                         0      0        0
  SINCE MAR 1      0                         0      0        0
  SINCE JAN 1      0                         0      0        0
..................................................................


WIND (MPH)
  RESULTANT WIND SPEED  MM   RESULTANT WIND DIRECTION  MM
  HIGHEST WIND SPEED    MM   HIGHEST WIND DIRECTION    MM
  HIGHEST GUST SPEED    MM   HIGHEST GUST DIRECTION    MM
  AVERAGE WIND SPEED    MM


SKY COVER
  POSSIBLE SUNSHINE  MM
  AVERAGE SKY COVER  MM


WEATHER CONDITIONS
 THE FOLLOWING WEATHER WAS RECORDED YESTERDAY.
  NO SIGNIFICANT WEATHER WAS OBSERVED.


RELATIVE HUMIDITY (PERCENT)
 HIGHEST    MM
 LOWEST     MM
 AVERAGE    MM

..........................................................


THE GRAND FORKS UNIV. (NWS) ND CLIMATE NORMALS FOR TODAY
                         NORMAL    RECORD    YEAR
 MAXIMUM TEMPERATURE (F)   58        89      1980
 MINIMUM TEMPERATURE (F)   34        18      2013
                                             1938


SUNRISE AND SUNSET
APRIL 20 2018.........SUNRISE   630 AM CDT   SUNSET   826 PM CDT
APRIL 21 2018.........SUNRISE   628 AM CDT   SUNSET   827 PM CDT


-  INDICATES NEGATIVE NUMBERS.
R  INDICATES RECORD WAS SET OR TIED.
MM INDICATES DATA IS MISSING.
T  INDICATES TRACE AMOUNT.




$$
