000
CDUS43 KUNR 230831
CLIGCC


CLIMATE REPORT
NATIONAL WEATHER SERVICE RAPID CITY SD
230 AM MDT MON APR 23 2018


...................................

...THE GILLETTE AIRPORT WY CLIMATE SUMMARY FOR APRIL 22 2018...

CLIMATE NORMAL PERIOD 1981 TO 2010
CLIMATE RECORD PERIOD 9999 TO 9999


WEATHER ITEM   OBSERVED TIME   NORMAL DEPARTURE LAST
                VALUE   (LST)  VALUE  FROM      YEAR
                                      NORMAL
......................................................
TEMPERATURE (F)
 YESTERDAY
  MAXIMUM         70    340 PM  58     12       57
  MINIMUM         28    441 AM  32     -4       40
  AVERAGE         49            45      4       49

PRECIPITATION (IN)
  YESTERDAY        0.00          0.05  -0.05      T
  MONTH TO DATE    0.70          0.90  -0.20     1.84
  SINCE MAR 1      2.56          1.86   0.70     2.63
  SINCE JAN 1      4.35          2.64   1.71     3.47

DEGREE DAYS
 HEATING
  YESTERDAY       16            20     -4       16
  MONTH TO DATE  583           519     64      438
  SINCE MAR 1   1487          1458     29     1143
  SINCE JUL 1   6971          6866    105     5900

 COOLING
  YESTERDAY        0             0      0        0
  MONTH TO DATE    0             0      0        0
  SINCE MAR 1      0             0      0        0
  SINCE JAN 1      0             0      0        0
......................................................


WIND (MPH)
  HIGHEST WIND SPEED    17   HIGHEST WIND DIRECTION    NE (40)
  HIGHEST GUST SPEED    20   HIGHEST GUST DIRECTION    NE (40)
  AVERAGE WIND SPEED     5.9


SKY COVER
  AVERAGE SKY COVER 0.1


WEATHER CONDITIONS
 THE FOLLOWING WEATHER WAS RECORDED YESTERDAY.
  NO SIGNIFICANT WEATHER WAS OBSERVED.


RELATIVE HUMIDITY (PERCENT)
 HIGHEST   100           400 AM
 LOWEST     31           300 PM
 AVERAGE    66

..........................................................




SUNRISE AND SUNSET
APRIL 23 2018.........SUNRISE   605 AM MDT   SUNSET   757 PM MDT
APRIL 24 2018.........SUNRISE   603 AM MDT   SUNSET   758 PM MDT


-  INDICATES NEGATIVE NUMBERS.
R  INDICATES RECORD WAS SET OR TIED.
MM INDICATES DATA IS MISSING.
T  INDICATES TRACE AMOUNT.




$$
