000
CDUS43 KDDC 250706
CLIGCK


CLIMATE REPORT
NATIONAL WEATHER SERVICE DODGE CITY KS
206 AM CDT WED APR 25 2018


...................................

...THE GARDEN CITY REGIONAL ARPT KS CLIMATE SUMMARY FOR APRIL 24 2018...

CLIMATE NORMAL PERIOD 1981 TO 2010
CLIMATE RECORD PERIOD 1948 TO 2018


WEATHER ITEM   OBSERVED TIME   RECORD YEAR NORMAL DEPARTURE LAST
                VALUE   (LST)  VALUE       VALUE  FROM      YEAR
                                                  NORMAL
..................................................................
TEMPERATURE (F)
 YESTERDAY
  MAXIMUM         51   1213 AM  95    2012  70    -19       80
                                      1989
  MINIMUM         36   1147 PM  19    2013  42     -6       49
  AVERAGE         44                        56    -12       65

PRECIPITATION (IN)
  YESTERDAY        0.21          1.42 1980   0.07   0.14     0.00
  MONTH TO DATE    0.39                      1.32  -0.93     1.49
  SINCE MAR 1      0.77                      2.78  -2.01     3.99
  SINCE JAN 1      0.77                      3.66  -2.89     5.28

DEGREE DAYS
 HEATING
  YESTERDAY       21                        10     11
  MONTH TO DATE  452                       322    130
  SINCE MAR 1   1030                       986     44
  SINCE JUL 1   4914                      5010    -96

 COOLING
  YESTERDAY        0                         1     -1
  MONTH TO DATE    1                         5     -4
  SINCE MAR 1      5                         5      0
  SINCE JAN 1      5                         5      0
..................................................................


WIND (MPH)
  HIGHEST WIND SPEED    31   HIGHEST WIND DIRECTION     N (350)
  HIGHEST GUST SPEED    41   HIGHEST GUST DIRECTION     N (340)
  AVERAGE WIND SPEED    17.1



WEATHER CONDITIONS
 THE FOLLOWING WEATHER WAS RECORDED YESTERDAY.
  RAIN
  LIGHT RAIN
  FOG


RELATIVE HUMIDITY (PERCENT)
 HIGHEST    93           800 AM
 LOWEST     68          1200 AM
 AVERAGE    81

..........................................................


THE GARDEN CITY REGIONAL ARPT KS CLIMATE NORMALS FOR TODAY
                         NORMAL    RECORD    YEAR
 MAXIMUM TEMPERATURE (F)   70        92      2012
 MINIMUM TEMPERATURE (F)   42        28      1978


SUNRISE AND SUNSET
APRIL 25 2018.........SUNRISE   654 AM CDT   SUNSET   828 PM CDT
APRIL 26 2018.........SUNRISE   653 AM CDT   SUNSET   829 PM CDT


-  INDICATES NEGATIVE NUMBERS.
R  INDICATES RECORD WAS SET OR TIED.
MM INDICATES DATA IS MISSING.
T  INDICATES TRACE AMOUNT.




$$
