000
CDUS45 KRIW 250731
CLIGEY


CLIMATE REPORT
NATIONAL WEATHER SERVICE RIVERTON WY
130 AM MDT WED APR 25 2018


...................................

...THE GREYBULL WY CLIMATE SUMMARY FOR APRIL 24 2018...

CLIMATE NORMAL PERIOD 1981 TO 2010
CLIMATE RECORD PERIOD 1998 TO 2018


WEATHER ITEM   OBSERVED TIME   RECORD YEAR NORMAL DEPARTURE LAST
                VALUE   (LST)  VALUE       VALUE  FROM      YEAR
                                                  NORMAL
..................................................................
TEMPERATURE (F)
 YESTERDAY
  MAXIMUM         53    516 PM  86    2012  63    -10       62
  MINIMUM         30    438 AM  25    2002  35     -5       40
  AVERAGE         42                        49     -7       51

PRECIPITATION (IN)
  YESTERDAY        0.00          0.17 2006   0.03  -0.03     0.05
  MONTH TO DATE    0.56                      0.53   0.03     0.47
  SINCE MAR 1      0.89                      0.93  -0.04     0.77
  SINCE JAN 1      1.16                      1.34  -0.18     0.98

DEGREE DAYS
 HEATING
  YESTERDAY       23                        16      7       14
  MONTH TO DATE  536                       468     68      397
  SINCE MAR 1   1412                      1339     73     1041
  SINCE JUL 1   7599                      7310    289     7082

 COOLING
  YESTERDAY        0                         0      0        0
  MONTH TO DATE    0                         0      0        0
  SINCE MAR 1      0                         0      0        0
  SINCE JAN 1      0                         0      0        0
..................................................................


WIND (MPH)
  HIGHEST WIND SPEED    13   HIGHEST WIND DIRECTION    NW (330)
  HIGHEST GUST SPEED    16   HIGHEST GUST DIRECTION    NW (330)
  AVERAGE WIND SPEED     4.3


SKY COVER
  POSSIBLE SUNSHINE  MM
  AVERAGE SKY COVER 0.2


WEATHER CONDITIONS
 THE FOLLOWING WEATHER WAS RECORDED YESTERDAY.
  NO SIGNIFICANT WEATHER WAS OBSERVED.


RELATIVE HUMIDITY (PERCENT)
 HIGHEST    92           300 AM
 LOWEST     38           300 PM
 AVERAGE    65

..........................................................


THE GREYBULL WY CLIMATE NORMALS FOR TODAY
                         NORMAL    RECORD    YEAR
 MAXIMUM TEMPERATURE (F)   64        79      2012
 MINIMUM TEMPERATURE (F)   35        24      2009
                                             2008


SUNRISE AND SUNSET
APRIL 25 2018.........SUNRISE   612 AM MDT   SUNSET   810 PM MDT
APRIL 26 2018.........SUNRISE   610 AM MDT   SUNSET   811 PM MDT


-  INDICATES NEGATIVE NUMBERS.
R  INDICATES RECORD WAS SET OR TIED.
MM INDICATES DATA IS MISSING.
T  INDICATES TRACE AMOUNT.




$$
