000
CDUS43 KIND 200536
CLIGEZ


CLIMATE REPORT
NATIONAL WEATHER SERVICE INDIANAPOLIS IN
136 AM EDT FRI APR 20 2018


...................................

...THE SHELBYVILLE IN CLIMATE SUMMARY FOR APRIL 19 2018...

CLIMATE NORMAL PERIOD 1981 TO 2010
CLIMATE RECORD PERIOD 9999 TO 9999


WEATHER ITEM   OBSERVED TIME   NORMAL DEPARTURE LAST
                VALUE   (LST)  VALUE  FROM      YEAR
                                      NORMAL
......................................................
TEMPERATURE (F)
 YESTERDAY
  MAXIMUM         56    551 PM  65     -9       83
  MINIMUM         36    631 AM  43     -7       63
  AVERAGE         46            54     -8       73

PRECIPITATION (IN)
  YESTERDAY        T             0.15  -0.15     0.00
  MONTH TO DATE    3.87          2.46   1.41     0.54
  SINCE MAR 1      7.60          5.89   1.71     4.22
  SINCE JAN 1     15.78         10.64   5.14     9.66

DEGREE DAYS
 HEATING
  YESTERDAY       19            11      8        0
  MONTH TO DATE  376           272    104      134
  SINCE MAR 1   1161           992    169      758
  SINCE JUL 1   5069          5155    -86     3941

 COOLING
  YESTERDAY        0             0      0        8
  MONTH TO DATE    8             0      8       33
  SINCE MAR 1      8             1      7       37
  SINCE JAN 1     13             1     12       37
......................................................


WIND (MPH)
  HIGHEST WIND SPEED    24   HIGHEST WIND DIRECTION     W (290)
  HIGHEST GUST SPEED    31   HIGHEST GUST DIRECTION     W (290)
  AVERAGE WIND SPEED    13.8


SKY COVER
  AVERAGE SKY COVER 0.5


WEATHER CONDITIONS
 THE FOLLOWING WEATHER WAS RECORDED YESTERDAY.
  LIGHT RAIN


RELATIVE HUMIDITY (PERCENT)
 HIGHEST    82           600 AM
 LOWEST     32           600 PM
 AVERAGE    57

..........................................................


THE SHELBYVILLE IN CLIMATE NORMALS FOR TODAY
                         NORMAL
 MAXIMUM TEMPERATURE (F)   65
 MINIMUM TEMPERATURE (F)   44


SUNRISE AND SUNSET
APRIL 20 2018.........SUNRISE   659 AM EDT   SUNSET   826 PM EDT
APRIL 21 2018.........SUNRISE   657 AM EDT   SUNSET   827 PM EDT


-  INDICATES NEGATIVE NUMBERS.
R  INDICATES RECORD WAS SET OR TIED.
MM INDICATES DATA IS MISSING.
T  INDICATES TRACE AMOUNT.




$$
