000
CDUS44 KJAN 250910
CLIGLH


CLIMATE REPORT
NATIONAL WEATHER SERVICE JACKSON MS
408 AM CDT WED APR 25 2018


...................................

...THE GREENVILLE CLIMATE SUMMARY FOR APRIL 24 2018...

CLIMATE NORMAL PERIOD 1981 TO 2010
CLIMATE RECORD PERIOD 1903 TO 2018


WEATHER ITEM   OBSERVED TIME   RECORD YEAR NORMAL DEPARTURE LAST
                VALUE   (LST)  VALUE       VALUE  FROM      YEAR
                                                  NORMAL
..................................................................
TEMPERATURE (F)
 YESTERDAY
  MAXIMUM         71    453 PM  91    1953  77     -6       75
  MINIMUM         53    117 AM  42    1907  55     -2       49
  AVERAGE         62                        66     -4       62

PRECIPITATION (IN)
  YESTERDAY        0.00          2.65 1979   0.14  -0.14     0.00
  MONTH TO DATE    4.37                      3.96   0.41     2.79
  SINCE MAR 1     10.39                      8.51   1.88     4.65
  SINCE JAN 1     23.38                     18.50   4.88    12.68

SNOWFALL (IN)
  YESTERDAY        0.0

DEGREE DAYS
 HEATING
  YESTERDAY        3                         2      1        3
  MONTH TO DATE  188                       107     81       36
  SINCE MAR 1    456                       443     13      273
  SINCE JUL 1   2669                      2752    -83     1806

 COOLING
  YESTERDAY        0                         3     -3        0
  MONTH TO DATE   12                        42    -30       90
  SINCE MAR 1     33                        59    -26      135
  SINCE JAN 1     55                        64     -9      164
..................................................................


WIND (MPH)
  HIGHEST WIND SPEED    20   HIGHEST WIND DIRECTION    NW (330)
  HIGHEST GUST SPEED    23   HIGHEST GUST DIRECTION    NW (330)
  AVERAGE WIND SPEED     7.1


SKY COVER
  POSSIBLE SUNSHINE  MM
  AVERAGE SKY COVER 0.4


WEATHER CONDITIONS
 THE FOLLOWING WEATHER WAS RECORDED YESTERDAY.
  FOG
  FOG W/VISIBILITY <= 1/4 MILE


RELATIVE HUMIDITY (PERCENT)
 HIGHEST   100           100 AM
 LOWEST     53           500 PM
 AVERAGE    77

..........................................................


THE GREENVILLE CLIMATE NORMALS FOR TODAY
                         NORMAL    RECORD    YEAR
 MAXIMUM TEMPERATURE (F)   77        91      1965
 MINIMUM TEMPERATURE (F)   56        34      1910


SUNRISE AND SUNSET
APRIL 25 2018.........SUNRISE   622 AM CDT   SUNSET   742 PM CDT
APRIL 26 2018.........SUNRISE   621 AM CDT   SUNSET   743 PM CDT


-  INDICATES NEGATIVE NUMBERS.
R  INDICATES RECORD WAS SET OR TIED.
MM INDICATES DATA IS MISSING.
T  INDICATES TRACE AMOUNT.




$$
