000
CDUS44 KHGX 230727
CLIGLS


CLIMATE REPORT
NATIONAL WEATHER SERVICE HOUSTON/GALVESTON TX
221 AM CDT MON APR 23 2018


...................................

...THE GALVESTON CLIMATE SUMMARY FOR APRIL 22 2018...

CLIMATE NORMAL PERIOD 1981 TO 2010
CLIMATE RECORD PERIOD 1875 TO 2018


WEATHER ITEM   OBSERVED TIME   RECORD YEAR NORMAL DEPARTURE LAST
                VALUE   (LST)  VALUE       VALUE  FROM      YEAR
                                                  NORMAL
..................................................................
TEMPERATURE (F)
 YESTERDAY
  MAXIMUM         74    314 PM  85    2017  77     -3       85
                                      2006
  MINIMUM         65   1144 PM  48    1884  66     -1       64
  AVERAGE         70                        72     -2       75

PRECIPITATION (IN)
  YESTERDAY        0.83          9.22 1904   0.11   0.72     0.17
  MONTH TO DATE    1.89                      2.40  -0.51     1.32
  SINCE MAR 1      3.23                      5.56  -2.33     2.59
  SINCE JAN 1      7.39                     12.33  -4.94     6.86

SNOWFALL (IN)
  YESTERDAY        0.0          MM      MM  MM     MM        0.0
  MONTH TO DATE    0.0                      MM     MM        0.0
  SINCE MAR 1      0.0                      MM     MM        0.0
  SINCE JUL 1      T                         0.0    0.0      0.0
  SNOW DEPTH       0

DEGREE DAYS
 HEATING
  YESTERDAY        0                         0      0        0
  MONTH TO DATE   19                        16      3        0
  SINCE MAR 1     39                       119    -80       18
  SINCE JUL 1    816                      1007   -191      328

 COOLING
  YESTERDAY        5                         7     -2       10
  MONTH TO DATE  104                       110     -6      230
  SINCE MAR 1    271                       163    108      428
  SINCE JAN 1    372                       180    192      606
..................................................................


WIND (MPH)
  RESULTANT WIND SPEED  12   RESULTANT WIND DIRECTION  NW (330)
  HIGHEST WIND SPEED    26   HIGHEST WIND DIRECTION     W (290)
  HIGHEST GUST SPEED    40   HIGHEST GUST DIRECTION     W (280)
  AVERAGE WIND SPEED    12.9


SKY COVER
  AVERAGE SKY COVER 0.5


WEATHER CONDITIONS
 THE FOLLOWING WEATHER WAS RECORDED YESTERDAY.
  THUNDERSTORM
  HEAVY RAIN
  RAIN
  LIGHT RAIN
  FOG


RELATIVE HUMIDITY (PERCENT)
 HIGHEST   100
 LOWEST     61
 AVERAGE    81

..........................................................


THE GALVESTON CLIMATE NORMALS FOR TODAY
                         NORMAL    RECORD    YEAR
 MAXIMUM TEMPERATURE (F)   77        86      1971
 MINIMUM TEMPERATURE (F)   67        50      1884


SUNRISE AND SUNSET
APRIL 23 2018.........SUNRISE   645 AM CDT   SUNSET   751 PM CDT
APRIL 24 2018.........SUNRISE   644 AM CDT   SUNSET   751 PM CDT


-  INDICATES NEGATIVE NUMBERS.
R  INDICATES RECORD WAS SET OR TIED.
MM INDICATES DATA IS MISSING.
T  INDICATES TRACE AMOUNT.




$$
