000
CDUS43 KGID 200631
CLIGRI


CLIMATE REPORT
NATIONAL WEATHER SERVICE HASTINGS NE
130 AM CDT SUN MAY 20 2018


...................................

...THE GRAND ISLAND NE CLIMATE SUMMARY FOR MAY 19 2018...

CLIMATE NORMAL PERIOD 1981 TO 2010
CLIMATE RECORD PERIOD 1895 TO 2018


WEATHER ITEM   OBSERVED TIME   RECORD YEAR NORMAL DEPARTURE LAST
                VALUE   (LST)  VALUE       VALUE  FROM      YEAR
                                                  NORMAL
..................................................................
TEMPERATURE (F)
 YESTERDAY
  MAXIMUM         64    156 AM  96    1934  74    -10       53
  MINIMUM         51   1149 PM  31    1931  51      0       45
  AVERAGE         58                        62     -4       49

PRECIPITATION (IN)
  YESTERDAY        0.79          1.51 1977   0.14   0.65     0.63
  MONTH TO DATE    3.21                      2.58   0.63     4.89
  SINCE MAR 1      5.73                      6.91  -1.18     8.34
  SINCE JAN 1      7.56                      8.12  -0.56     9.66

SNOWFALL (IN)
  YESTERDAY        0.0           T    1998   0.0    0.0      0.0
  MONTH TO DATE    0.0                       0.1   -0.1      0.3
  SINCE MAR 1      4.5                       7.0   -2.5      1.5
  SINCE JUL 1     33.6                      29.1    4.5      9.2
  SNOW DEPTH       0

DEGREE DAYS
 HEATING
  YESTERDAY        7                         5      2       16
  MONTH TO DATE   66                       133    -67      117
  SINCE MAR 1   1487                      1374    113     1227
  SINCE JUL 1   6262                      6135    127     5293

 COOLING
  YESTERDAY        0                         2     -2        0
  MONTH TO DATE   34                        23     11       40
  SINCE MAR 1     42                        34      8       45
  SINCE JAN 1     42                        34      8       45
..................................................................


WIND (MPH)
  HIGHEST WIND SPEED    25   HIGHEST WIND DIRECTION    NE (30)
  HIGHEST GUST SPEED    33   HIGHEST GUST DIRECTION    NE (30)
  AVERAGE WIND SPEED    12.9


SKY COVER
  AVERAGE SKY COVER 1.0


WEATHER CONDITIONS
 THE FOLLOWING WEATHER WAS RECORDED YESTERDAY.
  THUNDERSTORM
  RAIN
  LIGHT RAIN
  FOG


RELATIVE HUMIDITY (PERCENT)
 HIGHEST   100           300 AM
 LOWEST     83           500 PM
 AVERAGE    92

..........................................................


THE GRAND ISLAND NE CLIMATE NORMALS FOR TODAY
                         NORMAL    RECORD    YEAR
 MAXIMUM TEMPERATURE (F)   74       100      1925
 MINIMUM TEMPERATURE (F)   51        33      1997
                                             1915


SUNRISE AND SUNSET
MAY 20 2018...........SUNRISE   611 AM CDT   SUNSET   849 PM CDT
MAY 21 2018...........SUNRISE   610 AM CDT   SUNSET   850 PM CDT


-  INDICATES NEGATIVE NUMBERS.
R  INDICATES RECORD WAS SET OR TIED.
MM INDICATES DATA IS MISSING.
T  INDICATES TRACE AMOUNT.




$$
