848
CDUS42 KRAH 250832
CLIGSO


CLIMATE REPORT
NATIONAL WEATHER SERVICE RALEIGH NC
429 AM EDT WED APR 25 2018


...................................

...THE PIEDMONT TRIAD INTL AIRPORT NC CLIMATE SUMMARY FOR APRIL 24 2018...

CLIMATE NORMAL PERIOD 1981 TO 2010
CLIMATE RECORD PERIOD 1903 TO 2018


WEATHER ITEM   OBSERVED TIME   RECORD YEAR NORMAL DEPARTURE LAST
                VALUE   (LST)  VALUE       VALUE  FROM      YEAR
                                                  NORMAL
..................................................................
TEMPERATURE (F)
 YESTERDAY
  MAXIMUM         61    657 PM  94    1925  73    -12       52
  MINIMUM         51    222 AM  27    1986  50      1       49
  AVERAGE         56                        61     -5       51

PRECIPITATION (IN)
  YESTERDAY        1.32          2.44 2017   0.12   1.20     2.44
  MONTH TO DATE    4.08                      2.89   1.19     5.30
  SINCE MAR 1      8.40                      6.62   1.78     7.86
  SINCE JAN 1     14.61                     12.64   1.97    13.47

SNOWFALL (IN)
  YESTERDAY        0.0           T    1955   0.0    0.0      0.0
  MONTH TO DATE    T                         0.1   -0.1      0.0
  SINCE MAR 1      5.0                       0.9    4.1       T
  SINCE JUL 1     14.7                       7.6    7.1      8.0
  SNOW DEPTH       0

DEGREE DAYS
 HEATING
  YESTERDAY        9                         5      4       14
  MONTH TO DATE  224                       192     32      108
  SINCE MAR 1    829                       662    167      544
  SINCE JUL 1   3528                      3517     11     2714

 COOLING
  YESTERDAY        0                         2     -2        0
  MONTH TO DATE   11                        25    -14       48
  SINCE MAR 1     13                        30    -17       56
  SINCE JAN 1     21                        30     -9       60
..................................................................


WIND (MPH)
  HIGHEST WIND SPEED    22   HIGHEST WIND DIRECTION     E (70)
  HIGHEST GUST SPEED    28   HIGHEST GUST DIRECTION     E (110)
  AVERAGE WIND SPEED    11.1


SKY COVER
  POSSIBLE SUNSHINE  MM
  AVERAGE SKY COVER 1.0


WEATHER CONDITIONS
 THE FOLLOWING WEATHER WAS RECORDED YESTERDAY.
  THUNDERSTORM
  HEAVY RAIN
  RAIN
  LIGHT RAIN
  FOG


RELATIVE HUMIDITY (PERCENT)
 HIGHEST   100           100 AM
 LOWEST     93          1200 AM
 AVERAGE    97

..........................................................


THE PIEDMONT TRIAD INTL AIRPORT NC CLIMATE NORMALS FOR TODAY
                         NORMAL    RECORD    YEAR
 MAXIMUM TEMPERATURE (F)   73        94      1925
 MINIMUM TEMPERATURE (F)   50        32      1930


SUNRISE AND SUNSET
APRIL 25 2018.........SUNRISE   634 AM EDT   SUNSET   802 PM EDT
APRIL 26 2018.........SUNRISE   633 AM EDT   SUNSET   803 PM EDT


-  INDICATES NEGATIVE NUMBERS.
R  INDICATES RECORD WAS SET OR TIED.
MM INDICATES DATA IS MISSING.
T  INDICATES TRACE AMOUNT.




$$
