000
CDUS44 KAMA 242131
CLIGUY


CLIMATE REPORT
NATIONAL WEATHER SERVICE AMARILLO TX
430 PM CDT TUE APR 24 2018


...................................

...THE GUYMON CLIMATE SUMMARY FOR APRIL 24 2018...
VALID TODAY AS OF 0400 PM LOCAL TIME.

CLIMATE NORMAL PERIOD 1981 TO 2010
CLIMATE RECORD PERIOD 1998 TO 2018


WEATHER ITEM   OBSERVED TIME   RECORD YEAR NORMAL DEPARTURE LAST
                VALUE   (LST)  VALUE       VALUE  FROM      YEAR
                                                  NORMAL
..................................................................
TEMPERATURE (F)
 TODAY
  MAXIMUM         64    946 AM  MM      MM  73     -9       88
  MINIMUM         48    259 PM  MM      MM  43      5       51
  AVERAGE         56                        58     -2       70

PRECIPITATION (IN)
  TODAY            0.00         MM      MM   0.05  -0.05     0.00
  MONTH TO DATE    0.82                      1.20  -0.38     1.82
  SINCE MAR 1      0.86                      2.63  -1.77     3.77
  SINCE JAN 1      0.88                      3.50  -2.62     5.79

SNOWFALL (IN)
  TODAY            0.0          MM      MM  MM     MM        0.0
  MONTH TO DATE    T                        MM     MM        2.0
  SINCE MAR 1      T                        MM     MM        2.0
  SINCE JUL 1      T                        MM     MM        2.8
  SNOW DEPTH       0

DEGREE DAYS
 HEATING
  TODAY            9                         8      1        0
  MONTH TO DATE  350                       266     84      184
  SINCE MAR 1    798                       847    -49      598
  SINCE JUL 1   4008                      4314   -306     3501

 COOLING
  TODAY            0                         1     -1        5
  MONTH TO DATE    9                         4      5       42
  SINCE MAR 1     16                         6     10       57
  SINCE JAN 1     16                         6     10       65
..................................................................


WIND (MPH)
  RESULTANT WIND SPEED   7   RESULTANT WIND DIRECTION  NE (50)
  HIGHEST WIND SPEED    30   HIGHEST WIND DIRECTION     N (360)
  HIGHEST GUST SPEED    36   HIGHEST GUST DIRECTION     N (360)
  AVERAGE WIND SPEED    12.5


SKY COVER
  AVERAGE SKY COVER 0.3


WEATHER CONDITIONS
 THE FOLLOWING WEATHER WAS RECORDED TODAY.
  NO SIGNIFICANT WEATHER WAS OBSERVED.


RELATIVE HUMIDITY (PERCENT)
 HIGHEST    86           300 AM
 LOWEST     56          1100 AM
 AVERAGE    71

..........................................................


THE GUYMON CLIMATE NORMALS FOR TOMORROW
                         NORMAL    RECORD    YEAR
 MAXIMUM TEMPERATURE (F)   73        MM        MM
 MINIMUM TEMPERATURE (F)   43        MM        MM


SUNRISE AND SUNSET
APRIL 24 2018.........SUNRISE   700 AM CDT   SUNSET   828 PM CDT
APRIL 25 2018.........SUNRISE   659 AM CDT   SUNSET   829 PM CDT


-  INDICATES NEGATIVE NUMBERS.
R  INDICATES RECORD WAS SET OR TIED.
MM INDICATES DATA IS MISSING.
T  INDICATES TRACE AMOUNT.




$$
